Last updated on 2025-02-16 10:50:48 CET.
Flavor | Version | Tinstall | Tcheck | Ttotal | Status | Flags |
---|---|---|---|---|---|---|
r-devel-linux-x86_64-debian-clang | 0.1.0 | 6.70 | 62.21 | 68.91 | OK | |
r-devel-linux-x86_64-debian-gcc | 0.1.0 | 5.56 | 49.59 | 55.15 | OK | |
r-devel-linux-x86_64-fedora-clang | 0.1.0 | 113.73 | OK | |||
r-devel-linux-x86_64-fedora-gcc | 0.1.0 | 113.99 | OK | |||
r-devel-macos-arm64 | 0.1.0 | 34.00 | OK | |||
r-devel-macos-x86_64 | 0.1.0 | 66.00 | OK | |||
r-devel-windows-x86_64 | 0.1.0 | 6.00 | 70.00 | 76.00 | OK | |
r-patched-linux-x86_64 | 0.1.0 | 6.93 | 60.19 | 67.12 | NOTE | |
r-release-linux-x86_64 | 0.1.0 | 6.93 | 60.49 | 67.42 | NOTE | |
r-release-macos-arm64 | 0.1.0 | 35.00 | NOTE | |||
r-release-macos-x86_64 | 0.1.0 | 44.00 | NOTE | |||
r-release-windows-x86_64 | 0.1.0 | 7.00 | 72.00 | 79.00 | NOTE | |
r-oldrel-macos-arm64 | 0.1.0 | 38.00 | NOTE | |||
r-oldrel-macos-x86_64 | 0.1.0 | 48.00 | NOTE | |||
r-oldrel-windows-x86_64 | 0.1.0 | 6.00 | 76.00 | 82.00 | NOTE |
Version: 0.1.0
Check: LazyData
Result: NOTE
'LazyData' is specified without a 'data' directory
Flavors: r-patched-linux-x86_64, r-release-linux-x86_64, r-release-macos-arm64, r-release-macos-x86_64, r-release-windows-x86_64, r-oldrel-macos-arm64, r-oldrel-macos-x86_64, r-oldrel-windows-x86_64
These binaries (installable software) and packages are in development.
They may not be fully stable and should be used with caution. We make no claims about them.