Last updated on 2025-02-16 10:50:48 CET.
Flavor | Version | Tinstall | Tcheck | Ttotal | Status | Flags |
---|---|---|---|---|---|---|
r-devel-linux-x86_64-debian-clang | 1.1.3 | 16.03 | 45.38 | 61.41 | NOTE | |
r-devel-linux-x86_64-debian-gcc | 1.1.3 | 10.91 | 35.02 | 45.93 | NOTE | |
r-devel-linux-x86_64-fedora-clang | 1.1.3 | 113.40 | NOTE | |||
r-devel-linux-x86_64-fedora-gcc | 1.1.3 | 116.83 | NOTE | |||
r-devel-macos-arm64 | 1.1.3 | 40.00 | NOTE | |||
r-devel-macos-x86_64 | 1.1.3 | 65.00 | NOTE | |||
r-devel-windows-x86_64 | 1.1.3 | 20.00 | 95.00 | 115.00 | NOTE | |
r-patched-linux-x86_64 | 1.1.3 | 16.01 | 42.72 | 58.73 | NOTE | |
r-release-linux-x86_64 | 1.1.3 | 17.10 | 42.83 | 59.93 | NOTE | |
r-release-macos-arm64 | 1.1.3 | 39.00 | NOTE | |||
r-release-macos-x86_64 | 1.1.3 | 84.00 | NOTE | |||
r-release-windows-x86_64 | 1.1.3 | 21.00 | 97.00 | 118.00 | NOTE | |
r-oldrel-macos-arm64 | 1.1.3 | 40.00 | NOTE | |||
r-oldrel-macos-x86_64 | 1.1.3 | 64.00 | NOTE | |||
r-oldrel-windows-x86_64 | 1.1.3 | 26.00 | 113.00 | 139.00 | NOTE |
Version: 1.1.3
Check: Rd files
Result: NOTE
checkRd: (-1) ISOpureS1.model_optimize.kappa.kappa_deriv_loglikelihood.Rd:9: Escaped LaTeX specials: \$
checkRd: (-1) ISOpureS1.model_optimize.kappa.kappa_deriv_loglikelihood.Rd:14: Escaped LaTeX specials: \$
checkRd: (-1) ISOpureS1.model_optimize.kappa.kappa_loglikelihood.Rd:11: Escaped LaTeX specials: \$
checkRd: (-1) ISOpureS2.model_optimize.kappa.kappa_deriv_loglikelihood.Rd:11: Escaped LaTeX specials: \$
checkRd: (-1) ISOpureS2.model_optimize.kappa.kappa_loglikelihood.Rd:11: Escaped LaTeX specials: \$
Flavors: r-devel-linux-x86_64-debian-clang, r-devel-linux-x86_64-debian-gcc, r-devel-linux-x86_64-fedora-clang, r-devel-linux-x86_64-fedora-gcc, r-devel-macos-arm64, r-devel-macos-x86_64, r-devel-windows-x86_64, r-patched-linux-x86_64, r-release-linux-x86_64, r-release-macos-arm64, r-release-macos-x86_64, r-release-windows-x86_64, r-oldrel-macos-arm64, r-oldrel-macos-x86_64, r-oldrel-windows-x86_64
These binaries (installable software) and packages are in development.
They may not be fully stable and should be used with caution. We make no claims about them.