Last updated on 2025-05-21 21:49:20 CEST.
Flavor | Version | Tinstall | Tcheck | Ttotal | Status | Flags |
---|---|---|---|---|---|---|
r-devel-linux-x86_64-debian-clang | 1.1.3 | 17.58 | 46.36 | 63.94 | NOTE | |
r-devel-linux-x86_64-debian-gcc | 1.1.3 | 11.79 | 35.25 | 47.04 | NOTE | |
r-devel-linux-x86_64-fedora-clang | 1.1.3 | 110.56 | NOTE | |||
r-devel-linux-x86_64-fedora-gcc | 1.1.3 | 118.27 | NOTE | |||
r-devel-windows-x86_64 | 1.1.3 | 25.00 | 97.00 | 122.00 | NOTE | |
r-patched-linux-x86_64 | 1.1.3 | 18.13 | 44.15 | 62.28 | NOTE | |
r-release-linux-x86_64 | 1.1.3 | 16.73 | 44.39 | 61.12 | NOTE | |
r-release-macos-arm64 | 1.1.3 | 49.00 | NOTE | |||
r-release-macos-x86_64 | 1.1.3 | 69.00 | NOTE | |||
r-release-windows-x86_64 | 1.1.3 | 23.00 | 97.00 | 120.00 | NOTE | |
r-oldrel-macos-arm64 | 1.1.3 | 39.00 | NOTE | |||
r-oldrel-macos-x86_64 | 1.1.3 | 84.00 | NOTE | |||
r-oldrel-windows-x86_64 | 1.1.3 | 25.00 | 106.00 | 131.00 | NOTE |
Version: 1.1.3
Check: Rd files
Result: NOTE
checkRd: (-1) ISOpureS1.model_optimize.kappa.kappa_deriv_loglikelihood.Rd:9: Escaped LaTeX specials: \$
checkRd: (-1) ISOpureS1.model_optimize.kappa.kappa_deriv_loglikelihood.Rd:14: Escaped LaTeX specials: \$
checkRd: (-1) ISOpureS1.model_optimize.kappa.kappa_loglikelihood.Rd:11: Escaped LaTeX specials: \$
checkRd: (-1) ISOpureS2.model_optimize.kappa.kappa_deriv_loglikelihood.Rd:11: Escaped LaTeX specials: \$
checkRd: (-1) ISOpureS2.model_optimize.kappa.kappa_loglikelihood.Rd:11: Escaped LaTeX specials: \$
Flavors: r-devel-linux-x86_64-debian-clang, r-devel-linux-x86_64-debian-gcc, r-devel-linux-x86_64-fedora-clang, r-devel-linux-x86_64-fedora-gcc, r-devel-windows-x86_64, r-patched-linux-x86_64, r-release-linux-x86_64, r-release-macos-arm64, r-release-macos-x86_64, r-release-windows-x86_64, r-oldrel-macos-arm64, r-oldrel-macos-x86_64, r-oldrel-windows-x86_64
These binaries (installable software) and packages are in development.
They may not be fully stable and should be used with caution. We make no claims about them.