Last updated on 2025-05-01 12:49:31 CEST.
Flavor | Version | Tinstall | Tcheck | Ttotal | Status | Flags |
---|---|---|---|---|---|---|
r-devel-linux-x86_64-debian-clang | 2.5.5 | 28.93 | 241.69 | 270.62 | NOTE | |
r-devel-linux-x86_64-debian-gcc | 2.5.5 | 13.35 | 147.55 | 160.90 | NOTE | |
r-devel-linux-x86_64-fedora-clang | 2.5.5 | 455.92 | NOTE | |||
r-devel-linux-x86_64-fedora-gcc | 2.5.5 | 393.52 | NOTE | |||
r-devel-windows-x86_64 | 2.5.5 | 27.00 | 199.00 | 226.00 | NOTE | |
r-patched-linux-x86_64 | 2.5.5 | 28.74 | 222.37 | 251.11 | NOTE | |
r-release-linux-x86_64 | NOTE | |||||
r-release-macos-arm64 | 2.5.5 | 92.00 | NOTE | |||
r-release-macos-x86_64 | 2.5.5 | 190.00 | NOTE | |||
r-release-windows-x86_64 | 2.5.5 | 26.00 | 200.00 | 226.00 | NOTE | |
r-oldrel-macos-arm64 | 2.5.5 | 88.00 | NOTE | |||
r-oldrel-macos-x86_64 | 2.5.5 | 140.00 | NOTE | |||
r-oldrel-windows-x86_64 | 2.5.5 | 38.00 | 274.00 | 312.00 | NOTE |
Version: 2.5.5
Check: Rd files
Result: NOTE
checkRd: (-1) is_israd_database.Rd:19: Lost braces in \itemize; meant \describe ?
checkRd: (-1) is_israd_database.Rd:20: Lost braces in \itemize; meant \describe ?
checkRd: (-1) is_israd_database.Rd:21: Lost braces in \itemize; meant \describe ?
checkRd: (-1) is_israd_database.Rd:22: Lost braces in \itemize; meant \describe ?
checkRd: (-1) is_israd_database.Rd:23: Lost braces in \itemize; meant \describe ?
checkRd: (-1) is_israd_database.Rd:24: Lost braces in \itemize; meant \describe ?
checkRd: (-1) is_israd_database.Rd:25: Lost braces in \itemize; meant \describe ?
checkRd: (-1) is_israd_database.Rd:26: Lost braces in \itemize; meant \describe ?
Flavors: r-devel-linux-x86_64-debian-clang, r-devel-linux-x86_64-debian-gcc, r-devel-linux-x86_64-fedora-clang, r-devel-linux-x86_64-fedora-gcc, r-devel-windows-x86_64, r-patched-linux-x86_64, r-release-linux-x86_64, r-release-macos-arm64, r-release-macos-x86_64, r-release-windows-x86_64, r-oldrel-macos-arm64, r-oldrel-macos-x86_64, r-oldrel-windows-x86_64
These binaries (installable software) and packages are in development.
They may not be fully stable and should be used with caution. We make no claims about them.