CRAN Package Check Results for Package ISwR

Last updated on 2025-02-16 10:50:48 CET.

Flavor Version Tinstall Tcheck Ttotal Status Flags
r-devel-linux-x86_64-debian-clang 2.0-9 1.75 32.30 34.05 NOTE
r-devel-linux-x86_64-debian-gcc 2.0-9 1.56 25.19 26.75 NOTE
r-devel-linux-x86_64-fedora-clang 2.0-9 57.25 NOTE
r-devel-linux-x86_64-fedora-gcc 2.0-9 52.69 NOTE
r-devel-macos-arm64 2.0-9 18.00 OK
r-devel-macos-x86_64 2.0-9 39.00 NOTE
r-devel-windows-x86_64 2.0-9 3.00 59.00 62.00 NOTE
r-patched-linux-x86_64 2.0-9 2.73 30.64 33.37 OK
r-release-linux-x86_64 2.0-9 1.46 30.28 31.74 OK
r-release-macos-arm64 2.0-9 28.00 OK
r-release-macos-x86_64 2.0-9 35.00 OK
r-release-windows-x86_64 2.0-9 3.00 70.00 73.00 OK
r-oldrel-macos-arm64 2.0-9 24.00 OK
r-oldrel-macos-x86_64 2.0-9 37.00 OK
r-oldrel-windows-x86_64 2.0-9 3.00 66.00 69.00 OK

Check Details

Version: 2.0-9
Check: tests
Result: NOTE Running ‘allexercises.R’ [5s/7s] Comparing ‘allexercises.Rout’ to ‘allexercises.Rout.save’ ... OK Running ‘allscripts.R’ [4s/5s] Comparing ‘allscripts.Rout’ to ‘allscripts.Rout.save’ ...1821,1822c1821,1822 < Min. 1st Qu. Median Mean 3rd Qu. Max. NA's < 0.0 8.0 28.0 225.7 268.5 1836.0 338 --- > Length Class Mode > 829 difftime numeric 2844c2844 < Mean :1.373 Mean :164325 Mean :23.00 --- > Mean :1.373 Mean :164326 Mean :23.00 2853c2853 < Mean :164325 Mean :23.00 --- > Mean :164326 Mean :23.00 Flavor: r-devel-linux-x86_64-debian-clang

Version: 2.0-9
Check: tests
Result: NOTE Running ‘allexercises.R’ [3s/4s] Comparing ‘allexercises.Rout’ to ‘allexercises.Rout.save’ ... OK Running ‘allscripts.R’ [3s/5s] Comparing ‘allscripts.Rout’ to ‘allscripts.Rout.save’ ...1821,1822c1821,1822 < Min. 1st Qu. Median Mean 3rd Qu. Max. NA's < 0.0 8.0 28.0 225.7 268.5 1836.0 338 --- > Length Class Mode > 829 difftime numeric 2844c2844 < Mean :1.373 Mean :164325 Mean :23.00 --- > Mean :1.373 Mean :164326 Mean :23.00 2853c2853 < Mean :164325 Mean :23.00 --- > Mean :164326 Mean :23.00 Flavor: r-devel-linux-x86_64-debian-gcc

Version: 2.0-9
Check: tests
Result: NOTE Running ‘allexercises.R’ [8s/14s] Comparing ‘allexercises.Rout’ to ‘allexercises.Rout.save’ ... OK Running ‘allscripts.R’ [7s/13s] Comparing ‘allscripts.Rout’ to ‘allscripts.Rout.save’ ...1821,1822c1821,1822 < Min. 1st Qu. Median Mean 3rd Qu. Max. NA's < 0.0 8.0 28.0 225.7 268.5 1836.0 338 --- > Length Class Mode > 829 difftime numeric 2844c2844 < Mean :1.373 Mean :164325 Mean :23.00 --- > Mean :1.373 Mean :164326 Mean :23.00 2853c2853 < Mean :164325 Mean :23.00 --- > Mean :164326 Mean :23.00 Flavor: r-devel-linux-x86_64-fedora-clang

Version: 2.0-9
Check: tests
Result: NOTE Running ‘allexercises.R’ [8s/10s] Comparing ‘allexercises.Rout’ to ‘allexercises.Rout.save’ ... OK Running ‘allscripts.R’ Comparing ‘allscripts.Rout’ to ‘allscripts.Rout.save’ ...1821,1822c1821,1822 < Min. 1st Qu. Median Mean 3rd Qu. Max. NA's < 0.0 8.0 28.0 225.7 268.5 1836.0 338 --- > Length Class Mode > 829 difftime numeric 2844c2844 < Mean :1.373 Mean :164325 Mean :23.00 --- > Mean :1.373 Mean :164326 Mean :23.00 2853c2853 < Mean :164325 Mean :23.00 --- > Mean :164326 Mean :23.00 Flavor: r-devel-linux-x86_64-fedora-gcc

Version: 2.0-9
Check: tests
Result: NOTE Running ‘allexercises.R’ [3s/4s] Comparing ‘allexercises.Rout’ to ‘allexercises.Rout.save’ ... OK Running ‘allscripts.R’ [3s/3s] Comparing ‘allscripts.Rout’ to ‘allscripts.Rout.save’ ...1821,1824c1821,1822 < Min. 1st Qu. Median Mean 3rd Qu. Max. < 0.000 8.000 28.000 225.723 268.500 1836.000 < attr(,"NAs") < [1] 338 --- > Length Class Mode > 829 difftime numeric 2846c2844 < Mean :1.373 Mean :164325 Mean :23.00 --- > Mean :1.373 Mean :164326 Mean :23.00 2855c2853 < Mean :164325 Mean :23.00 --- > Mean :164326 Mean :23.00 Flavor: r-devel-macos-x86_64

Version: 2.0-9
Check: tests
Result: NOTE Running 'allexercises.R' [4s] Comparing 'allexercises.Rout' to 'allexercises.Rout.save' ... OK Running 'allscripts.R' [4s] Comparing 'allscripts.Rout' to 'allscripts.Rout.save' ...1821,1822c1821,1822 < Min. 1st Qu. Median Mean 3rd Qu. Max. NA's < 0.0 8.0 28.0 225.7 268.5 1836.0 338 --- > Length Class Mode > 829 difftime numeric 2844c2844 < Mean :1.373 Mean :164325 Mean :23.00 --- > Mean :1.373 Mean :164326 Mean :23.00 2853c2853 < Mean :164325 Mean :23.00 --- > Mean :164326 Mean :23.00 Flavor: r-devel-windows-x86_64

These binaries (installable software) and packages are in development.
They may not be fully stable and should be used with caution. We make no claims about them.