Last updated on 2025-07-02 03:50:44 CEST.
Flavor | Version | Tinstall | Tcheck | Ttotal | Status | Flags |
---|---|---|---|---|---|---|
r-devel-linux-x86_64-debian-clang | 0.7.0 | 5.17 | 53.65 | 58.82 | NOTE | |
r-devel-linux-x86_64-debian-gcc | 0.7.0 | 4.35 | 37.90 | 42.25 | NOTE | |
r-devel-linux-x86_64-fedora-clang | 0.7.0 | 87.49 | OK | |||
r-devel-linux-x86_64-fedora-gcc | 0.7.0 | 86.21 | OK | |||
r-devel-windows-x86_64 | 0.7.0 | 7.00 | 74.00 | 81.00 | OK | |
r-patched-linux-x86_64 | OK | |||||
r-release-linux-x86_64 | 0.7.0 | 4.11 | 48.77 | 52.88 | OK | |
r-release-macos-arm64 | 0.7.0 | 29.00 | OK | |||
r-release-macos-x86_64 | 0.7.0 | 48.00 | OK | |||
r-release-windows-x86_64 | 0.7.0 | 8.00 | 74.00 | 82.00 | OK | |
r-oldrel-macos-arm64 | 0.7.0 | 26.00 | OK | |||
r-oldrel-macos-x86_64 | 0.7.0 | 40.00 | OK | |||
r-oldrel-windows-x86_64 | 0.7.0 | 9.00 | 86.00 | 95.00 | OK |
Version: 0.7.0
Check: CRAN incoming feasibility
Result: NOTE
Maintainer: ‘Matthew Smith <matt_smith.90@hotmail.co.uk>’
No Authors@R field in DESCRIPTION.
Please add one, modifying
Authors@R: person(given = "Matthew",
family = "Smith",
role = c("aut", "cre"),
email = "matt_smith.90@hotmail.co.uk")
as necessary.
Flavors: r-devel-linux-x86_64-debian-clang, r-devel-linux-x86_64-debian-gcc
These binaries (installable software) and packages are in development.
They may not be fully stable and should be used with caution. We make no claims about them.