Last updated on 2025-10-03 11:50:48 CEST.
Flavor | Version | Tinstall | Tcheck | Ttotal | Status | Flags |
---|---|---|---|---|---|---|
r-devel-linux-x86_64-debian-clang | 0.7.0 | 5.76 | 56.45 | 62.21 | NOTE | |
r-devel-linux-x86_64-debian-gcc | 0.7.0 | 4.19 | 40.96 | 45.15 | NOTE | |
r-devel-linux-x86_64-fedora-clang | 0.7.0 | 92.99 | OK | |||
r-devel-linux-x86_64-fedora-gcc | 0.7.0 | 88.46 | OK | |||
r-devel-windows-x86_64 | 0.7.0 | 8.00 | 77.00 | 85.00 | OK | |
r-patched-linux-x86_64 | 0.7.0 | 6.23 | 52.75 | 58.98 | OK | |
r-release-linux-x86_64 | 0.7.0 | 5.49 | 51.86 | 57.35 | OK | |
r-release-macos-arm64 | 0.7.0 | 29.00 | OK | |||
r-release-macos-x86_64 | 0.7.0 | 48.00 | OK | |||
r-release-windows-x86_64 | 0.7.0 | 8.00 | 79.00 | 87.00 | OK | |
r-oldrel-macos-arm64 | 0.7.0 | 26.00 | OK | |||
r-oldrel-macos-x86_64 | 0.7.0 | 40.00 | OK | |||
r-oldrel-windows-x86_64 | 0.7.0 | 10.00 | 90.00 | 100.00 | OK |
Version: 0.7.0
Check: CRAN incoming feasibility
Result: NOTE
Maintainer: ‘Matthew Smith <matt_smith.90@hotmail.co.uk>’
No Authors@R field in DESCRIPTION.
Please add one, modifying
Authors@R: person(given = "Matthew",
family = "Smith",
role = c("aut", "cre"),
email = "matt_smith.90@hotmail.co.uk")
as necessary.
Flavors: r-devel-linux-x86_64-debian-clang, r-devel-linux-x86_64-debian-gcc
These binaries (installable software) and packages are in development.
They may not be fully stable and should be used with caution. We make no claims about them.