CRAN Package Check Results for Package IVPP

Last updated on 2025-02-21 06:49:43 CET.

Flavor Version Tinstall Tcheck Ttotal Status Flags
r-devel-linux-x86_64-debian-clang 1.0.0 17.72 117.22 134.94 OK
r-devel-linux-x86_64-debian-gcc 1.0.0 13.17 85.15 98.32 OK
r-devel-linux-x86_64-fedora-clang 1.0.0 214.20 OK
r-devel-linux-x86_64-fedora-gcc 1.0.0 197.08 OK
r-devel-macos-arm64 1.0.0 55.00 OK
r-devel-macos-x86_64 1.0.0 103.00 OK
r-devel-windows-x86_64 1.0.0 17.00 119.00 136.00 OK
r-patched-linux-x86_64 1.0.0 14.85 109.94 124.79 OK
r-release-linux-x86_64 1.0.0 10.31 107.59 117.90 OK
r-release-macos-arm64 1.0.0 12.00 ERROR
r-release-macos-x86_64 1.0.0 101.00 OK
r-release-windows-x86_64 1.0.0 20.00 120.00 140.00 OK
r-oldrel-macos-x86_64 1.0.0 141.00 OK
r-oldrel-windows-x86_64 1.0.0 23.00 140.00 163.00 OK

Check Details

Version: 1.0.0
Check: whether package can be installed
Result: ERROR Installation failed. Flavor: r-release-macos-arm64

These binaries (installable software) and packages are in development.
They may not be fully stable and should be used with caution. We make no claims about them.