CRAN Package Check Results for Package IVYplot

Last updated on 2025-10-03 11:50:48 CEST.

Flavor Version Tinstall Tcheck Ttotal Status Flags
r-devel-linux-x86_64-debian-clang 0.1.0 2.16 24.83 26.99 NOTE
r-devel-linux-x86_64-debian-gcc 0.1.0 1.62 19.95 21.57 NOTE
r-devel-linux-x86_64-fedora-clang 0.1.0 37.40 OK
r-devel-linux-x86_64-fedora-gcc 0.1.0 35.96 OK
r-devel-windows-x86_64 0.1.0 3.00 49.00 52.00 OK
r-patched-linux-x86_64 0.1.0 2.23 23.62 25.85 OK
r-release-linux-x86_64 0.1.0 1.64 23.64 25.28 OK
r-release-macos-arm64 0.1.0 16.00 OK
r-release-macos-x86_64 0.1.0 25.00 OK
r-release-windows-x86_64 0.1.0 3.00 48.00 51.00 OK
r-oldrel-macos-arm64 0.1.0 15.00 NOTE
r-oldrel-macos-x86_64 0.1.0 23.00 NOTE
r-oldrel-windows-x86_64 0.1.0 5.00 53.00 58.00 NOTE

Check Details

Version: 0.1.0
Check: CRAN incoming feasibility
Result: NOTE Maintainer: ‘Tri Ha Minh Nguyen <tringuyen_2023@depauw.edu>’ No Authors@R field in DESCRIPTION. Please add one, modifying Authors@R: c(person(given = c("Tri", "Ha", "Minh", "Nguyen", "Jyotirmoy", "Sarkar", "Mamunur"), family = "Rashid", role = "aut"), person(given = c("Tri", "Ha", "Minh"), family = "Nguyen", role = "cre", email = "tringuyen_2023@depauw.edu")) as necessary. Flavors: r-devel-linux-x86_64-debian-clang, r-devel-linux-x86_64-debian-gcc

Version: 0.1.0
Check: LazyData
Result: NOTE 'LazyData' is specified without a 'data' directory Flavors: r-oldrel-macos-arm64, r-oldrel-macos-x86_64, r-oldrel-windows-x86_64

These binaries (installable software) and packages are in development.
They may not be fully stable and should be used with caution. We make no claims about them.