Last updated on 2025-10-23 11:50:16 CEST.
Flavor | Version | Tinstall | Tcheck | Ttotal | Status | Flags |
---|---|---|---|---|---|---|
r-devel-linux-x86_64-debian-clang | 1.0.7 | 9.14 | 144.19 | 153.33 | NOTE | |
r-devel-linux-x86_64-debian-gcc | 1.0.7 | 6.63 | 103.11 | 109.74 | OK | |
r-devel-linux-x86_64-fedora-clang | 1.0.7 | 72.00 | 170.15 | 242.15 | OK | |
r-devel-linux-x86_64-fedora-gcc | 1.0.7 | 19.00 | 215.43 | 234.43 | OK | |
r-devel-windows-x86_64 | 1.0.7 | 11.00 | 173.00 | 184.00 | OK | |
r-patched-linux-x86_64 | 1.0.7 | 8.63 | 134.20 | 142.83 | OK | |
r-release-linux-x86_64 | 1.0.7 | 7.86 | 134.15 | 142.01 | OK | |
r-release-macos-arm64 | 1.0.7 | 11.00 | 131.00 | 142.00 | OK | |
r-release-macos-x86_64 | 1.0.7 | 41.00 | 194.00 | 235.00 | OK | |
r-release-windows-x86_64 | 1.0.7 | 14.00 | 172.00 | 186.00 | OK | |
r-oldrel-macos-arm64 | 1.0.7 | 13.00 | 171.00 | 184.00 | OK | |
r-oldrel-macos-x86_64 | 1.0.7 | 31.00 | 269.00 | 300.00 | OK | |
r-oldrel-windows-x86_64 | 1.0.7 | 15.00 | 203.00 | 218.00 | OK |
Version: 1.0.7
Check: HTML version of manual
Result: NOTE
Found the following HTML validation problems:
select_aoi_global_grid.html:140:1 (select_aoi_global_grid.Rd:176): Warning: <h5> anchor "Usage" already defined
select_aoi_global_grid.html:146:1 (select_aoi_global_grid.Rd:180): Warning: <h5> anchor "Arguments" already defined
select_aoi_global_grid.html:169:1 (select_aoi_global_grid.Rd:193): Warning: <h5> anchor "Usage" already defined
select_aoi_global_grid.html:175:1 (select_aoi_global_grid.Rd:197): Warning: <h5> anchor "Arguments" already defined
select_aoi_global_grid.html:200:1 (select_aoi_global_grid.Rd:212): Warning: <h5> anchor "Usage" already defined
select_aoi_global_grid.html:206:1 (select_aoi_global_grid.Rd:216): Warning: <h5> anchor "Arguments" already defined
select_aoi_global_grid.html:236:1 (select_aoi_global_grid.Rd:232): Warning: <h5> anchor "Usage" already defined
select_aoi_global_grid.html:242:1 (select_aoi_global_grid.Rd:236): Warning: <h5> anchor "Returns" already defined
select_aoi_global_grid.html:259:1 (select_aoi_global_grid.Rd:245): Warning: <h5> anchor "Usage" already defined
select_aoi_global_grid.html:265:1 (select_aoi_global_grid.Rd:249): Warning: <h5> anchor "Arguments" already defined
Flavor: r-devel-linux-x86_64-debian-clang
These binaries (installable software) and packages are in development.
They may not be fully stable and should be used with caution. We make no claims about them.