Last updated on 2025-07-01 11:49:21 CEST.
Flavor | Version | Tinstall | Tcheck | Ttotal | Status | Flags |
---|---|---|---|---|---|---|
r-devel-linux-x86_64-debian-clang | 0.9.0 | 2.07 | 26.12 | 28.19 | NOTE | |
r-devel-linux-x86_64-debian-gcc | 0.9.0 | 1.65 | 20.87 | 22.52 | NOTE | |
r-devel-linux-x86_64-fedora-clang | 0.9.0 | 41.86 | NOTE | |||
r-devel-linux-x86_64-fedora-gcc | 0.9.0 | 40.02 | OK | |||
r-devel-windows-x86_64 | 0.9.0 | 4.00 | 45.00 | 49.00 | OK | |
r-patched-linux-x86_64 | NOTE | |||||
r-release-linux-x86_64 | 0.9.0 | 2.12 | 23.27 | 25.39 | NOTE | |
r-release-macos-arm64 | 0.9.0 | 18.00 | OK | |||
r-release-macos-x86_64 | 0.9.0 | 29.00 | OK | |||
r-release-windows-x86_64 | 0.9.0 | 6.00 | 47.00 | 53.00 | OK | |
r-oldrel-macos-arm64 | 0.9.0 | 18.00 | OK | |||
r-oldrel-macos-x86_64 | 0.9.0 | 41.00 | OK | |||
r-oldrel-windows-x86_64 | 0.9.0 | 4.00 | 50.00 | 54.00 | OK |
Version: 0.9.0
Check: R code for possible problems
Result: NOTE
Found the following assignments to the global environment:
File ‘IgorR/R/ReadIgorBinary.R’:
assign(WaveName, rval, envir = .GlobalEnv)
Flavors: r-devel-linux-x86_64-debian-clang, r-devel-linux-x86_64-debian-gcc, r-devel-linux-x86_64-fedora-clang, r-patched-linux-x86_64, r-release-linux-x86_64
These binaries (installable software) and packages are in development.
They may not be fully stable and should be used with caution. We make no claims about them.