CRAN Package Check Results for Package Immigrate

Last updated on 2025-11-16 03:49:59 CET.

Flavor Version Tinstall Tcheck Ttotal Status Flags
r-devel-linux-x86_64-debian-clang 0.2.1 23.91 33.87 57.78 NOTE
r-devel-linux-x86_64-debian-gcc 0.2.1 17.90 26.64 44.54 NOTE
r-devel-linux-x86_64-fedora-clang 0.2.1 93.00 14.76 107.76 OK
r-devel-linux-x86_64-fedora-gcc 0.2.1 115.00 -12.55 102.45 OK
r-devel-windows-x86_64 0.2.1 33.00 67.00 100.00 OK
r-patched-linux-x86_64 0.2.1 27.47 31.26 58.73 OK
r-release-linux-x86_64 0.2.1 25.43 31.29 56.72 OK
r-release-macos-arm64 0.2.1 10.00 19.00 29.00 OK
r-release-macos-x86_64 0.2.1 10.00 39.00 49.00 OK
r-release-windows-x86_64 0.2.1 32.00 69.00 101.00 OK
r-oldrel-macos-arm64 0.2.1 10.00 18.00 28.00 OK
r-oldrel-macos-x86_64 0.2.1 10.00 36.00 46.00 OK
r-oldrel-windows-x86_64 0.2.1 39.00 83.00 122.00 OK

Check Details

Version: 0.2.1
Check: CRAN incoming feasibility
Result: NOTE Maintainer: ‘Ruzhang Zhao<ruzhangzhao@gmail.com>’ No Authors@R field in DESCRIPTION. Please add one, modifying Authors@R: c(person(given = "Ruzhang", family = "Zhao", role = c("aut", "cre"), email = "ruzhangzhao@gmail.com"), person(given = "Pengyu", family = "Hong", role = "aut"), person(given = c("Jun", "S."), family = "Liu", role = "aut")) as necessary. Flavors: r-devel-linux-x86_64-debian-clang, r-devel-linux-x86_64-debian-gcc

These binaries (installable software) and packages are in development.
They may not be fully stable and should be used with caution. We make no claims about them.