CRAN Package Check Results for Package Immigrate

Last updated on 2025-07-21 19:49:46 CEST.

Flavor Version Tinstall Tcheck Ttotal Status Flags
r-devel-linux-x86_64-debian-clang 0.2.1 24.02 32.72 56.74 NOTE
r-devel-linux-x86_64-debian-gcc 0.2.1 19.33 25.92 45.25 NOTE
r-devel-linux-x86_64-fedora-clang 0.2.1 99.25 OK
r-devel-linux-x86_64-fedora-gcc 0.2.1 95.90 OK
r-devel-windows-x86_64 0.2.1 30.00 72.00 102.00 OK
r-patched-linux-x86_64 0.2.1 27.92 30.15 58.07 OK
r-release-linux-x86_64 0.2.1 24.05 30.07 54.12 OK
r-release-macos-arm64 0.2.1 29.00 OK
r-release-macos-x86_64 0.2.1 49.00 OK
r-release-windows-x86_64 0.2.1 30.00 71.00 101.00 OK
r-oldrel-macos-arm64 0.2.1 28.00 OK
r-oldrel-macos-x86_64 0.2.1 46.00 OK
r-oldrel-windows-x86_64 0.2.1 37.00 82.00 119.00 OK

Check Details

Version: 0.2.1
Check: CRAN incoming feasibility
Result: NOTE Maintainer: ‘Ruzhang Zhao<ruzhangzhao@gmail.com>’ No Authors@R field in DESCRIPTION. Please add one, modifying Authors@R: c(person(given = "Ruzhang", family = "Zhao", role = c("aut", "cre"), email = "ruzhangzhao@gmail.com"), person(given = "Pengyu", family = "Hong", role = "aut"), person(given = c("Jun", "S."), family = "Liu", role = "aut")) as necessary. Flavors: r-devel-linux-x86_64-debian-clang, r-devel-linux-x86_64-debian-gcc

These binaries (installable software) and packages are in development.
They may not be fully stable and should be used with caution. We make no claims about them.