CRAN Package Check Results for Package ImpactEffectsize

Last updated on 2025-07-02 03:50:43 CEST.

Flavor Version Tinstall Tcheck Ttotal Status Flags
r-devel-linux-x86_64-debian-clang 0.7 15.95 26.74 42.69 NOTE
r-devel-linux-x86_64-debian-gcc 0.7 12.31 21.42 33.73 NOTE
r-devel-linux-x86_64-fedora-clang 0.7 77.64 OK
r-devel-linux-x86_64-fedora-gcc 0.7 68.93 OK
r-devel-windows-x86_64 0.7 25.00 64.00 89.00 OK
r-patched-linux-x86_64 OK
r-release-linux-x86_64 0.7 15.57 25.38 40.95 OK
r-release-macos-arm64 0.7 29.00 OK
r-release-macos-x86_64 0.7 37.00 OK
r-release-windows-x86_64 0.7 23.00 66.00 89.00 OK
r-oldrel-macos-arm64 0.7 28.00 OK
r-oldrel-macos-x86_64 0.7 40.00 OK
r-oldrel-windows-x86_64 0.7 27.00 73.00 100.00 OK

Check Details

Version: 0.7
Check: CRAN incoming feasibility
Result: NOTE Maintainer: ‘Jorn Lotsch <j.loetsch@em.uni-frankfurt.de>’ No Authors@R field in DESCRIPTION. Please add one, modifying Authors@R: c(person(given = "Joern", family = "Loetsch", role = c("aut", "cre"), comment = c(ORCID = "0000-0002-5818-6958")), person(given = "Alfred", family = "Ultsch", role = "aut", comment = c(ORCID = "0000-0002-7845-3283")), person(given = "Jorn", family = "Lotsch", role = "cre", email = "j.loetsch@em.uni-frankfurt.de")) as necessary. Flavors: r-devel-linux-x86_64-debian-clang, r-devel-linux-x86_64-debian-gcc

These binaries (installable software) and packages are in development.
They may not be fully stable and should be used with caution. We make no claims about them.