Last updated on 2025-02-20 16:51:08 CET.
Flavor | Version | Tinstall | Tcheck | Ttotal | Status | Flags |
---|---|---|---|---|---|---|
r-devel-linux-x86_64-debian-clang | 1.3 | 6.90 | 52.19 | 59.09 | NOTE | |
r-devel-linux-x86_64-debian-gcc | 1.3 | 5.37 | 37.20 | 42.57 | NOTE | |
r-devel-linux-x86_64-fedora-clang | 1.3 | 95.84 | OK | |||
r-devel-linux-x86_64-fedora-gcc | 1.3 | 88.49 | OK | |||
r-devel-macos-arm64 | 1.3 | 33.00 | OK | |||
r-devel-macos-x86_64 | 1.3 | 52.00 | OK | |||
r-devel-windows-x86_64 | 1.3 | 9.00 | 69.00 | 78.00 | NOTE | |
r-patched-linux-x86_64 | 1.3 | 15.76 | 48.07 | 63.83 | OK | |
r-release-linux-x86_64 | 1.3 | 6.28 | 47.91 | 54.19 | OK | |
r-release-macos-arm64 | 1.3 | 29.00 | OK | |||
r-release-macos-x86_64 | 1.3 | 43.00 | OK | |||
r-release-windows-x86_64 | 1.3 | 10.00 | 69.00 | 79.00 | OK | |
r-oldrel-macos-arm64 | 1.3 | 33.00 | OK | |||
r-oldrel-macos-x86_64 | 1.3 | 49.00 | OK | |||
r-oldrel-windows-x86_64 | 1.3 | 11.00 | 83.00 | 94.00 | OK |
Version: 1.3
Check: Rd cross-references
Result: NOTE
Found the following Rd file(s) with Rd \link{} targets missing package
anchors:
excel_export.Rd: read_excel
Please provide package anchors for all Rd \link{} targets not in the
package itself and the base packages.
Flavors: r-devel-linux-x86_64-debian-clang, r-devel-linux-x86_64-debian-gcc, r-devel-windows-x86_64
These binaries (installable software) and packages are in development.
They may not be fully stable and should be used with caution. We make no claims about them.