Last updated on 2025-02-19 18:51:07 CET.
Flavor | Version | Tinstall | Tcheck | Ttotal | Status | Flags |
---|---|---|---|---|---|---|
r-devel-linux-x86_64-debian-clang | 1.4.0 | 9.97 | 78.20 | 88.17 | NOTE | |
r-devel-linux-x86_64-debian-gcc | 1.4.0 | 6.25 | 54.06 | 60.31 | NOTE | |
r-devel-linux-x86_64-fedora-clang | 1.4.0 | 139.72 | OK | |||
r-devel-linux-x86_64-fedora-gcc | 1.4.0 | 129.72 | OK | |||
r-devel-macos-arm64 | 1.4.0 | 41.00 | OK | |||
r-devel-macos-x86_64 | 1.4.0 | 90.00 | OK | |||
r-devel-windows-x86_64 | 1.4.0 | 11.00 | 90.00 | 101.00 | NOTE | |
r-patched-linux-x86_64 | 1.4.0 | 18.02 | 71.10 | 89.12 | OK | |
r-release-linux-x86_64 | 1.4.0 | 9.35 | 70.99 | 80.34 | OK | |
r-release-macos-arm64 | 1.4.0 | 39.00 | OK | |||
r-release-macos-x86_64 | 1.4.0 | 60.00 | OK | |||
r-release-windows-x86_64 | 1.4.0 | 12.00 | 89.00 | 101.00 | OK | |
r-oldrel-macos-arm64 | 1.4.0 | 44.00 | OK | |||
r-oldrel-macos-x86_64 | 1.4.0 | 66.00 | OK | |||
r-oldrel-windows-x86_64 | 1.4.0 | 15.00 | 121.00 | 136.00 | OK |
Version: 1.4.0
Check: Rd cross-references
Result: NOTE
Found the following Rd file(s) with Rd \link{} targets missing package
anchors:
csmf.diag.Rd: heidel.diag, gelman.diag
Please provide package anchors for all Rd \link{} targets not in the
package itself and the base packages.
Flavors: r-devel-linux-x86_64-debian-clang, r-devel-linux-x86_64-debian-gcc, r-devel-windows-x86_64
These binaries (installable software) and packages are in development.
They may not be fully stable and should be used with caution. We make no claims about them.