Last updated on 2025-05-01 17:56:06 CEST.
Flavor | Version | Tinstall | Tcheck | Ttotal | Status | Flags |
---|---|---|---|---|---|---|
r-devel-linux-x86_64-debian-clang | 0.6.0 | 3.69 | 51.84 | 55.53 | NOTE | |
r-devel-linux-x86_64-debian-gcc | 0.6.0 | 3.41 | 35.86 | 39.27 | NOTE | |
r-devel-linux-x86_64-fedora-clang | 0.6.0 | 88.40 | OK | |||
r-devel-linux-x86_64-fedora-gcc | 0.6.0 | 98.37 | OK | |||
r-devel-windows-x86_64 | 0.6.0 | 5.00 | 71.00 | 76.00 | OK | |
r-patched-linux-x86_64 | 0.6.0 | 4.36 | 47.58 | 51.94 | OK | |
r-release-linux-x86_64 | OK | |||||
r-release-macos-arm64 | 0.6.0 | 33.00 | OK | |||
r-release-macos-x86_64 | 0.6.0 | 64.00 | OK | |||
r-release-windows-x86_64 | 0.6.0 | 7.00 | 71.00 | 78.00 | OK | |
r-oldrel-macos-arm64 | 0.6.0 | 33.00 | OK | |||
r-oldrel-macos-x86_64 | 0.6.0 | 49.00 | OK | |||
r-oldrel-windows-x86_64 | 0.6.0 | 5.00 | 81.00 | 86.00 | OK |
Version: 0.6.0
Check: CRAN incoming feasibility
Result: NOTE
Maintainer: ‘Graham White <g.white@unswalumni.com>’
No Authors@R field in DESCRIPTION.
Please add one, modifying
Authors@R: person(given = "Graham",
family = "White",
role = c("aut", "cre"),
email = "g.white@unswalumni.com")
as necessary.
Flavors: r-devel-linux-x86_64-debian-clang, r-devel-linux-x86_64-debian-gcc
These binaries (installable software) and packages are in development.
They may not be fully stable and should be used with caution. We make no claims about them.