Last updated on 2025-11-13 01:50:23 CET.
| Flavor | Version | Tinstall | Tcheck | Ttotal | Status | Flags |
|---|---|---|---|---|---|---|
| r-devel-linux-x86_64-debian-clang | 0.6.0 | 4.72 | 53.37 | 58.09 | NOTE | |
| r-devel-linux-x86_64-debian-gcc | 0.6.0 | 3.22 | 37.49 | 40.71 | NOTE | |
| r-devel-linux-x86_64-fedora-clang | 0.6.0 | 17.00 | 81.39 | 98.39 | OK | |
| r-devel-linux-x86_64-fedora-gcc | 0.6.0 | 24.00 | 81.51 | 105.51 | OK | |
| r-devel-windows-x86_64 | 0.6.0 | 7.00 | 71.00 | 78.00 | OK | |
| r-patched-linux-x86_64 | 0.6.0 | 4.55 | 49.32 | 53.87 | OK | |
| r-release-linux-x86_64 | 0.6.0 | 4.57 | 49.57 | 54.14 | OK | |
| r-release-macos-arm64 | 0.6.0 | 2.00 | 31.00 | 33.00 | OK | |
| r-release-macos-x86_64 | 0.6.0 | 4.00 | 60.00 | 64.00 | OK | |
| r-release-windows-x86_64 | 0.6.0 | 5.00 | 69.00 | 74.00 | OK | |
| r-oldrel-macos-arm64 | 0.6.0 | 2.00 | 31.00 | 33.00 | OK | |
| r-oldrel-macos-x86_64 | 0.6.0 | 3.00 | 46.00 | 49.00 | OK | |
| r-oldrel-windows-x86_64 | 0.6.0 | 6.00 | 83.00 | 89.00 | OK |
Version: 0.6.0
Check: CRAN incoming feasibility
Result: NOTE
Maintainer: ‘Graham White <g.white@unswalumni.com>’
No Authors@R field in DESCRIPTION.
Please add one, modifying
Authors@R: person(given = "Graham",
family = "White",
role = c("aut", "cre"),
email = "g.white@unswalumni.com")
as necessary.
Flavors: r-devel-linux-x86_64-debian-clang, r-devel-linux-x86_64-debian-gcc
These binaries (installable software) and packages are in development.
They may not be fully stable and should be used with caution. We make no claims about them.