Last updated on 2025-11-11 15:50:36 CET.
| Flavor | Version | Tinstall | Tcheck | Ttotal | Status | Flags |
|---|---|---|---|---|---|---|
| r-devel-linux-x86_64-debian-clang | 1.3.2 | 1.92 | 21.89 | 23.81 | NOTE | |
| r-devel-linux-x86_64-debian-gcc | 1.3.2 | 1.77 | 17.49 | 19.26 | NOTE | |
| r-devel-linux-x86_64-fedora-clang | 1.3.2 | 11.00 | 26.07 | 37.07 | OK | |
| r-devel-linux-x86_64-fedora-gcc | 1.3.2 | 11.00 | 24.32 | 35.32 | OK | |
| r-devel-windows-x86_64 | 1.3.2 | 6.00 | 39.00 | 45.00 | OK | |
| r-patched-linux-x86_64 | 1.3.2 | 2.56 | 20.29 | 22.85 | OK | |
| r-release-linux-x86_64 | 1.3.2 | 2.22 | 20.52 | 22.74 | OK | |
| r-release-macos-arm64 | 1.3.2 | 1.00 | 15.00 | 16.00 | OK | |
| r-release-macos-x86_64 | 1.3.2 | 3.00 | 23.00 | 26.00 | OK | |
| r-release-windows-x86_64 | 1.3.2 | 3.00 | 38.00 | 41.00 | OK | |
| r-oldrel-macos-arm64 | 1.3.2 | 1.00 | 13.00 | 14.00 | OK | |
| r-oldrel-macos-x86_64 | 1.3.2 | 3.00 | 21.00 | 24.00 | OK | |
| r-oldrel-windows-x86_64 | 1.3.2 | 4.00 | 39.00 | 43.00 | OK |
Version: 1.3.2
Check: CRAN incoming feasibility
Result: NOTE
Maintainer: ‘Alejandro Saavedra-Nieves <alejandro.saavedra.nieves@gmail.com>’
No Authors@R field in DESCRIPTION.
Please add one, modifying
Authors@R: c(person(given = "Alejandro",
family = "Saavedra-Nieves",
role = c("aut", "cre"),
email = "alejandro.saavedra.nieves@gmail.com"),
person(given = "Paula",
family = "Saavedra-Nieves",
role = "aut"))
as necessary.
Flavors: r-devel-linux-x86_64-debian-clang, r-devel-linux-x86_64-debian-gcc
These binaries (installable software) and packages are in development.
They may not be fully stable and should be used with caution. We make no claims about them.