Last updated on 2025-11-24 15:49:54 CET.
| Flavor | Version | Tinstall | Tcheck | Ttotal | Status | Flags |
|---|---|---|---|---|---|---|
| r-devel-linux-x86_64-debian-clang | 1.0.2 | 6.69 | 56.70 | 63.39 | NOTE | |
| r-devel-linux-x86_64-debian-gcc | 1.0.2 | 4.92 | 42.65 | 47.57 | NOTE | |
| r-devel-linux-x86_64-fedora-clang | 1.0.2 | 15.00 | 76.48 | 91.48 | OK | |
| r-devel-linux-x86_64-fedora-gcc | 1.0.2 | 27.00 | 70.11 | 97.11 | OK | |
| r-devel-windows-x86_64 | 1.0.2 | 8.00 | 66.00 | 74.00 | OK | |
| r-patched-linux-x86_64 | 1.0.2 | 6.86 | 53.68 | 60.54 | OK | |
| r-release-linux-x86_64 | 1.0.2 | 5.76 | 53.56 | 59.32 | OK | |
| r-release-macos-arm64 | 1.0.2 | OK | ||||
| r-release-macos-x86_64 | 1.0.2 | 5.00 | 43.00 | 48.00 | OK | |
| r-release-windows-x86_64 | 1.0.2 | 8.00 | 79.00 | 87.00 | OK | |
| r-oldrel-macos-arm64 | 1.0.2 | OK | ||||
| r-oldrel-macos-x86_64 | 1.0.2 | 5.00 | 38.00 | 43.00 | OK | |
| r-oldrel-windows-x86_64 | 1.0.2 | 10.00 | 78.00 | 88.00 | OK |
Version: 1.0.2
Check: CRAN incoming feasibility
Result: NOTE
Maintainer: ‘Denis Talbot <denis.talbot@fmed.ulaval.ca>’
No Authors@R field in DESCRIPTION.
Please add one, modifying
Authors@R: c(person(given = "Denis",
family = "Talbot",
role = c("aut", "cre"),
email = "denis.talbot@fmed.ulaval.ca"),
person(given = "Thierry",
family = "Duchesne",
role = "aut"),
person(given = "Jacques",
family = "Brisson",
role = "aut"),
person(given = "Nathalie",
family = "Vandal",
role = "aut"))
as necessary.
Flavors: r-devel-linux-x86_64-debian-clang, r-devel-linux-x86_64-debian-gcc
These binaries (installable software) and packages are in development.
They may not be fully stable and should be used with caution. We make no claims about them.