Last updated on 2025-05-24 07:49:27 CEST.
Flavor | Version | Tinstall | Tcheck | Ttotal | Status | Flags |
---|---|---|---|---|---|---|
r-devel-linux-x86_64-debian-clang | 1.6 | 12.29 | 100.23 | 112.52 | OK | |
r-devel-linux-x86_64-debian-gcc | 1.6 | 9.04 | 74.46 | 83.50 | OK | |
r-devel-linux-x86_64-fedora-clang | 1.6 | 181.03 | NOTE | |||
r-devel-linux-x86_64-fedora-gcc | 1.6 | 194.42 | NOTE | |||
r-devel-windows-x86_64 | 1.6 | 12.00 | 105.00 | 117.00 | OK | |
r-patched-linux-x86_64 | 1.6 | 12.30 | 94.56 | 106.86 | OK | |
r-release-linux-x86_64 | 1.6 | 12.31 | 94.67 | 106.98 | OK | |
r-release-macos-arm64 | 1.6 | 59.00 | OK | |||
r-release-macos-x86_64 | 1.6 | 129.00 | OK | |||
r-release-windows-x86_64 | 1.6 | 13.00 | 100.00 | 113.00 | OK | |
r-oldrel-macos-arm64 | 1.6 | 53.00 | OK | |||
r-oldrel-macos-x86_64 | 1.6 | 74.00 | OK | |||
r-oldrel-windows-x86_64 | 1.6 | 16.00 | 116.00 | 132.00 | OK |
Version: 1.6
Check: dependencies in R code
Result: NOTE
Namespace in Imports field not imported from: ‘svglite’
All declared Imports should be used.
Flavors: r-devel-linux-x86_64-fedora-clang, r-devel-linux-x86_64-fedora-gcc
These binaries (installable software) and packages are in development.
They may not be fully stable and should be used with caution. We make no claims about them.