Last updated on 2025-02-07 08:51:24 CET.
Flavor | Version | Tinstall | Tcheck | Ttotal | Status | Flags |
---|---|---|---|---|---|---|
r-devel-linux-x86_64-debian-clang | 1.6 | 11.71 | 95.68 | 107.39 | OK | |
r-devel-linux-x86_64-debian-gcc | 1.6 | 9.48 | 71.05 | 80.53 | OK | |
r-devel-linux-x86_64-fedora-clang | 1.6 | 175.75 | NOTE | |||
r-devel-linux-x86_64-fedora-gcc | 1.6 | 179.37 | NOTE | |||
r-devel-windows-x86_64 | 1.6 | 11.00 | 95.00 | 106.00 | OK | |
r-patched-linux-x86_64 | 1.6 | 9.88 | 89.55 | 99.43 | OK | |
r-release-linux-x86_64 | 1.6 | 11.43 | 88.36 | 99.79 | OK | |
r-release-macos-arm64 | 1.6 | 53.00 | OK | |||
r-release-macos-x86_64 | 1.6 | 74.00 | OK | |||
r-release-windows-x86_64 | 1.6 | 11.00 | 92.00 | 103.00 | OK | |
r-oldrel-macos-arm64 | 1.6 | 57.00 | OK | |||
r-oldrel-macos-x86_64 | 1.6 | 105.00 | OK | |||
r-oldrel-windows-x86_64 | 1.6 | 14.00 | 107.00 | 121.00 | OK |
Version: 1.6
Check: dependencies in R code
Result: NOTE
Namespace in Imports field not imported from: ‘svglite’
All declared Imports should be used.
Flavors: r-devel-linux-x86_64-fedora-clang, r-devel-linux-x86_64-fedora-gcc
These binaries (installable software) and packages are in development.
They may not be fully stable and should be used with caution. We make no claims about them.