CRAN Package Check Results for Package Information

Last updated on 2025-11-12 23:50:47 CET.

Flavor Version Tinstall Tcheck Ttotal Status Flags
r-devel-linux-x86_64-debian-clang 0.0.9 7.88 104.27 112.15 NOTE
r-devel-linux-x86_64-debian-gcc 0.0.9 5.91 124.01 129.92 NOTE
r-devel-linux-x86_64-fedora-clang 0.0.9 33.00 126.92 159.92 OK
r-devel-linux-x86_64-fedora-gcc 0.0.9 39.00 172.49 211.49 OK
r-devel-windows-x86_64 0.0.9 9.00 90.00 99.00 OK
r-patched-linux-x86_64 0.0.9 7.55 121.17 128.72 OK
r-release-linux-x86_64 0.0.9 7.02 119.26 126.28 OK
r-release-macos-arm64 0.0.9 4.00 62.00 66.00 OK
r-release-macos-x86_64 0.0.9 6.00 75.00 81.00 OK
r-release-windows-x86_64 0.0.9 10.00 92.00 102.00 OK
r-oldrel-macos-arm64 0.0.9 4.00 37.00 41.00 OK
r-oldrel-macos-x86_64 0.0.9 5.00 62.00 67.00 OK
r-oldrel-windows-x86_64 0.0.9 11.00 117.00 128.00 OK

Check Details

Version: 0.0.9
Check: CRAN incoming feasibility
Result: NOTE Maintainer: ‘Larsen Kim <kblarsen4@gmail.com>’ Found the following \keyword or \concept entries which likely give several index terms: File ‘Information.Rd’: \keyword{IV,} \keyword{NIV,} \keyword{NWOE,} \keyword{WOE,} \keyword{classification,} \keyword{weight-of-evidence,} Flavors: r-devel-linux-x86_64-debian-clang, r-devel-linux-x86_64-debian-gcc

These binaries (installable software) and packages are in development.
They may not be fully stable and should be used with caution. We make no claims about them.