Last updated on 2025-05-01 10:50:12 CEST.
Flavor | Version | Tinstall | Tcheck | Ttotal | Status | Flags |
---|---|---|---|---|---|---|
r-devel-linux-x86_64-debian-clang | 0.0.9 | 7.25 | 97.78 | 105.03 | NOTE | |
r-devel-linux-x86_64-debian-gcc | 0.0.9 | 5.19 | 120.63 | 125.82 | NOTE | |
r-devel-linux-x86_64-fedora-clang | 0.0.9 | 128.23 | OK | |||
r-devel-linux-x86_64-fedora-gcc | 0.0.9 | 125.25 | OK | |||
r-devel-windows-x86_64 | 0.0.9 | 10.00 | 86.00 | 96.00 | OK | |
r-patched-linux-x86_64 | 0.0.9 | 6.77 | 93.95 | 100.72 | OK | |
r-release-linux-x86_64 | OK | |||||
r-release-macos-arm64 | 0.0.9 | 66.00 | OK | |||
r-release-macos-x86_64 | 0.0.9 | 81.00 | OK | |||
r-release-windows-x86_64 | 0.0.9 | 8.00 | 86.00 | 94.00 | OK | |
r-oldrel-macos-arm64 | 0.0.9 | 41.00 | OK | |||
r-oldrel-macos-x86_64 | 0.0.9 | 67.00 | OK | |||
r-oldrel-windows-x86_64 | 0.0.9 | 10.00 | 105.00 | 115.00 | OK |
Version: 0.0.9
Check: CRAN incoming feasibility
Result: NOTE
Maintainer: ‘Larsen Kim <kblarsen4@gmail.com>’
Found the following \keyword or \concept entries
which likely give several index terms:
File ‘Information.Rd’:
\keyword{IV,}
\keyword{NIV,}
\keyword{NWOE,}
\keyword{WOE,}
\keyword{classification,}
\keyword{weight-of-evidence,}
Flavors: r-devel-linux-x86_64-debian-clang, r-devel-linux-x86_64-debian-gcc
Version: 0.0.9
Check: examples
Result: NA
user system elapsed
Information 9.616 0.161 6.668
plot_infotables 8.956 0.041 6.032
create_infotables 7.244 0.143 4.737
OK
Flavor: r-devel-linux-x86_64-debian-gcc
These binaries (installable software) and packages are in development.
They may not be fully stable and should be used with caution. We make no claims about them.