Last updated on 2025-02-16 10:50:48 CET.
Flavor | Version | Tinstall | Tcheck | Ttotal | Status | Flags |
---|---|---|---|---|---|---|
r-devel-linux-x86_64-debian-clang | 0.1.1 | 12.71 | 409.22 | 421.93 | OK | |
r-devel-linux-x86_64-debian-gcc | 0.1.1 | 8.52 | 259.25 | 267.77 | OK | |
r-devel-linux-x86_64-fedora-clang | 0.1.1 | 668.05 | OK | |||
r-devel-linux-x86_64-fedora-gcc | 0.1.1 | 686.18 | OK | |||
r-devel-macos-arm64 | 0.1.1 | 248.00 | OK | |||
r-devel-macos-x86_64 | 0.1.1 | 624.00 | OK | |||
r-devel-windows-x86_64 | 0.1.1 | 12.00 | 557.00 | 569.00 | OK | |
r-patched-linux-x86_64 | 0.1.1 | 12.51 | 353.99 | 366.50 | OK | |
r-release-linux-x86_64 | 0.1.1 | 9.92 | 361.82 | 371.74 | OK | |
r-release-macos-arm64 | 0.1.1 | 217.00 | OK | |||
r-release-macos-x86_64 | 0.1.1 | 437.00 | OK | |||
r-release-windows-x86_64 | 0.1.1 | 12.00 | 516.00 | 528.00 | OK | |
r-oldrel-macos-arm64 | 0.1.1 | 246.00 | OK | |||
r-oldrel-macos-x86_64 | 0.1.1 | 496.00 | OK | |||
r-oldrel-windows-x86_64 | 0.1.1 | 17.00 | 189.00 | 206.00 | ERROR |
Version: 0.1.1
Check: re-building of vignette outputs
Result: ERROR
Error(s) in re-building vignettes:
--- re-building 'NAME-OF-VIGNETTE.Rmd' using rmarkdown
Quitting from lines 31-37 [unnamed-chunk-3] (NAME-OF-VIGNETTE.Rmd)
Error: processing vignette 'NAME-OF-VIGNETTE.Rmd' failed with diagnostics:
cannot read from connection
--- failed re-building 'NAME-OF-VIGNETTE.Rmd'
SUMMARY: processing the following file failed:
'NAME-OF-VIGNETTE.Rmd'
Error: Vignette re-building failed.
Execution halted
Flavor: r-oldrel-windows-x86_64
These binaries (installable software) and packages are in development.
They may not be fully stable and should be used with caution. We make no claims about them.