Last updated on 2025-02-16 12:53:38 CET.
Flavor | Version | Tinstall | Tcheck | Ttotal | Status | Flags |
---|---|---|---|---|---|---|
r-devel-linux-x86_64-debian-clang | 1.1.3 | 3.21 | 174.14 | 177.35 | OK | |
r-devel-linux-x86_64-debian-gcc | 1.1.3 | 2.24 | 102.14 | 104.38 | OK | |
r-devel-linux-x86_64-fedora-clang | 1.1.3 | 271.19 | NOTE | |||
r-devel-linux-x86_64-fedora-gcc | 1.1.3 | 287.18 | NOTE | |||
r-devel-macos-arm64 | 1.1.3 | 75.00 | OK | |||
r-devel-macos-x86_64 | 1.1.3 | 151.00 | OK | |||
r-devel-windows-x86_64 | 1.1.3 | 6.00 | 263.00 | 269.00 | OK | |
r-patched-linux-x86_64 | 1.1.3 | 2.73 | 171.56 | 174.29 | OK | |
r-release-linux-x86_64 | 1.1.3 | 3.31 | 168.84 | 172.15 | OK | |
r-release-macos-arm64 | 1.1.3 | 73.00 | OK | |||
r-release-macos-x86_64 | 1.1.3 | 105.00 | OK | |||
r-release-windows-x86_64 | 1.1.3 | 5.00 | 272.00 | 277.00 | OK | |
r-oldrel-macos-arm64 | 1.1.3 | 82.00 | OK | |||
r-oldrel-macos-x86_64 | 1.1.3 | 124.00 | OK | |||
r-oldrel-windows-x86_64 | 1.1.3 | 6.00 | 325.00 | 331.00 | OK |
Version: 1.1.3
Check: dependencies in R code
Result: NOTE
Namespaces in Imports field not imported from:
‘curl’ ‘readxl’
All declared Imports should be used.
Flavors: r-devel-linux-x86_64-fedora-clang, r-devel-linux-x86_64-fedora-gcc
These binaries (installable software) and packages are in development.
They may not be fully stable and should be used with caution. We make no claims about them.