Last updated on 2025-11-11 15:50:36 CET.
| Flavor | Version | Tinstall | Tcheck | Ttotal | Status | Flags |
|---|---|---|---|---|---|---|
| r-devel-linux-x86_64-debian-clang | 0.2.2 | 7.91 | 62.42 | 70.33 | NOTE | |
| r-devel-linux-x86_64-debian-gcc | 0.2.2 | 5.18 | 42.91 | 48.09 | NOTE | |
| r-devel-linux-x86_64-fedora-clang | 0.2.2 | 27.00 | 84.07 | 111.07 | OK | |
| r-devel-linux-x86_64-fedora-gcc | 0.2.2 | 35.00 | 67.99 | 102.99 | OK | |
| r-devel-windows-x86_64 | 0.2.2 | 10.00 | 72.00 | 82.00 | OK | |
| r-patched-linux-x86_64 | 0.2.2 | 7.73 | 56.81 | 64.54 | OK | |
| r-release-linux-x86_64 | 0.2.2 | 6.72 | 56.73 | 63.45 | OK | |
| r-release-macos-arm64 | 0.2.2 | 3.00 | 26.00 | 29.00 | OK | |
| r-release-macos-x86_64 | 0.2.2 | 7.00 | 51.00 | 58.00 | OK | |
| r-release-windows-x86_64 | 0.2.2 | 11.00 | 72.00 | 83.00 | OK | |
| r-oldrel-macos-arm64 | 0.2.2 | 4.00 | 31.00 | 35.00 | OK | |
| r-oldrel-macos-x86_64 | 0.2.2 | 9.00 | 61.00 | 70.00 | OK | |
| r-oldrel-windows-x86_64 | 0.2.2 | 12.00 | 92.00 | 104.00 | OK |
Version: 0.2.2
Check: DESCRIPTION meta-information
Result: NOTE
Author field differs from that derived from Authors@R
Author: ‘David Baranger [aut, cre] (<https://orcid.org/0000-0002-6659-357X>, davidbaranger.com), Brandon Goldstein [ctb], Megan Finsaas [ctb], Thomas Olino [ctb], Colin Vize [ctb], Don Lynam [ctb]’
Authors@R: ‘David Baranger [aut, cre] (ORCID: <https://orcid.org/0000-0002-6659-357X>, website: davidbaranger.com), Brandon Goldstein [ctb], Megan Finsaas [ctb], Thomas Olino [ctb], Colin Vize [ctb], Don Lynam [ctb]’
Flavors: r-devel-linux-x86_64-debian-clang, r-devel-linux-x86_64-debian-gcc
These binaries (installable software) and packages are in development.
They may not be fully stable and should be used with caution. We make no claims about them.