CRAN Package Check Results for Package InvStablePrior

Last updated on 2025-02-16 12:53:38 CET.

Flavor Version Tinstall Tcheck Ttotal Status Flags
r-devel-linux-x86_64-debian-clang 0.1.1 1.93 22.55 24.48 OK
r-devel-linux-x86_64-debian-gcc 0.1.1 1.57 18.13 19.70 OK
r-devel-linux-x86_64-fedora-clang 0.1.1 40.44 NOTE
r-devel-linux-x86_64-fedora-gcc 0.1.1 37.62 NOTE
r-devel-macos-arm64 0.1.1 18.00 OK
r-devel-macos-x86_64 0.1.1 29.00 OK
r-devel-windows-x86_64 0.1.1 4.00 56.00 60.00 OK
r-patched-linux-x86_64 0.1.1 1.95 21.95 23.90 OK
r-release-linux-x86_64 0.1.1 1.82 22.13 23.95 OK
r-release-macos-arm64 0.1.1 18.00 OK
r-release-macos-x86_64 0.1.1 24.00 OK
r-release-windows-x86_64 0.1.1 4.00 56.00 60.00 OK
r-oldrel-macos-arm64 0.1.1 17.00 OK
r-oldrel-macos-x86_64 0.1.1 29.00 OK
r-oldrel-windows-x86_64 0.1.1 4.00 73.00 77.00 OK

Check Details

Version: 0.1.1
Check: dependencies in R code
Result: NOTE Namespaces in Imports field not imported from: ‘fdrtool’ ‘nimble’ All declared Imports should be used. Flavors: r-devel-linux-x86_64-fedora-clang, r-devel-linux-x86_64-fedora-gcc

These binaries (installable software) and packages are in development.
They may not be fully stable and should be used with caution. We make no claims about them.