CRAN Package Check Results for Package InvariantCausalPrediction

Last updated on 2025-07-22 13:49:15 CEST.

Flavor Version Tinstall Tcheck Ttotal Status Flags
r-devel-linux-x86_64-debian-clang 0.8 7.76 64.49 72.25 NOTE
r-devel-linux-x86_64-debian-gcc 0.8 5.90 49.16 55.06 NOTE
r-devel-linux-x86_64-fedora-clang 0.8 108.47 OK
r-devel-linux-x86_64-fedora-gcc 0.8 103.50 OK
r-devel-windows-x86_64 0.8 9.00 73.00 82.00 OK
r-patched-linux-x86_64 0.8 8.13 61.47 69.60 OK
r-release-linux-x86_64 0.8 7.77 61.02 68.79 OK
r-release-macos-arm64 0.8 36.00 OK
r-release-macos-x86_64 0.8 71.00 OK
r-release-windows-x86_64 0.8 8.00 75.00 83.00 OK
r-oldrel-macos-arm64 0.8 33.00 OK
r-oldrel-macos-x86_64 0.8 62.00 OK
r-oldrel-windows-x86_64 0.8 11.00 89.00 100.00 OK

Check Details

Version: 0.8
Check: CRAN incoming feasibility
Result: NOTE Maintainer: ‘Nicolai Meinshausen <meinshausen@stat.math.ethz.ch>’ No Authors@R field in DESCRIPTION. Please add one, modifying Authors@R: person(given = "Nicolai", family = "Meinshausen", role = c("aut", "cre"), email = "meinshausen@stat.math.ethz.ch") as necessary. Flavors: r-devel-linux-x86_64-debian-clang, r-devel-linux-x86_64-debian-gcc

These binaries (installable software) and packages are in development.
They may not be fully stable and should be used with caution. We make no claims about them.