CRAN Package Check Results for Package InvasionCorrection

Last updated on 2025-05-22 06:51:48 CEST.

Flavor Version Tinstall Tcheck Ttotal Status Flags
r-devel-linux-x86_64-debian-clang 0.1 1.79 17.40 19.19 NOTE
r-devel-linux-x86_64-debian-gcc 0.1 1.36 14.09 15.45 NOTE
r-devel-linux-x86_64-fedora-clang 0.1 29.89 OK
r-devel-linux-x86_64-fedora-gcc 0.1 29.59 OK
r-devel-windows-x86_64 0.1 2.00 40.00 42.00 OK
r-patched-linux-x86_64 0.1 1.85 16.88 18.73 OK
r-release-linux-x86_64 0.1 1.65 16.93 18.58 OK
r-release-macos-arm64 0.1 20.00 OK
r-release-macos-x86_64 0.1 23.00 OK
r-release-windows-x86_64 0.1 2.00 39.00 41.00 OK
r-oldrel-macos-arm64 0.1 15.00 NOTE
r-oldrel-macos-x86_64 0.1 21.00 NOTE
r-oldrel-windows-x86_64 0.1 3.00 42.00 45.00 NOTE

Check Details

Version: 0.1
Check: CRAN incoming feasibility
Result: NOTE Maintainer: ‘Marcus Rosenblatt <marcus.rosenblatt@fdm.uni-freiburg.de>’ No Authors@R field in DESCRIPTION. Please add one, modifying Authors@R: person(given = "Marcus", family = "Rosenblatt", role = c("aut", "cre"), email = "marcus.rosenblatt@fdm.uni-freiburg.de") as necessary. Flavors: r-devel-linux-x86_64-debian-clang, r-devel-linux-x86_64-debian-gcc

Version: 0.1
Check: LazyData
Result: NOTE 'LazyData' is specified without a 'data' directory Flavors: r-oldrel-macos-arm64, r-oldrel-macos-x86_64, r-oldrel-windows-x86_64

These binaries (installable software) and packages are in development.
They may not be fully stable and should be used with caution. We make no claims about them.