Last updated on 2025-11-24 15:49:55 CET.
| Flavor | Version | Tinstall | Tcheck | Ttotal | Status | Flags |
|---|---|---|---|---|---|---|
| r-devel-linux-x86_64-debian-clang | 1.1.0 | 8.79 | 72.43 | 81.22 | NOTE | |
| r-devel-linux-x86_64-debian-gcc | 1.1.0 | 5.74 | 54.19 | 59.93 | NOTE | |
| r-devel-linux-x86_64-fedora-clang | 1.1.0 | 20.00 | 102.30 | 122.30 | OK | |
| r-devel-linux-x86_64-fedora-gcc | 1.1.0 | 33.00 | 90.42 | 123.42 | OK | |
| r-devel-windows-x86_64 | 1.1.0 | 11.00 | 74.00 | 85.00 | OK | |
| r-patched-linux-x86_64 | 1.1.0 | 8.08 | 69.43 | 77.51 | OK | |
| r-release-linux-x86_64 | 1.1.0 | 8.21 | 69.03 | 77.24 | OK | |
| r-release-macos-arm64 | 1.1.0 | OK | ||||
| r-release-macos-x86_64 | 1.1.0 | 7.00 | 60.00 | 67.00 | OK | |
| r-release-windows-x86_64 | 1.1.0 | 9.00 | 93.00 | 102.00 | OK | |
| r-oldrel-macos-arm64 | 1.1.0 | OK | ||||
| r-oldrel-macos-x86_64 | 1.1.0 | 7.00 | 52.00 | 59.00 | OK | |
| r-oldrel-windows-x86_64 | 1.1.0 | 12.00 | 92.00 | 104.00 | OK |
Version: 1.1.0
Check: CRAN incoming feasibility
Result: NOTE
Maintainer: ‘Loris Michel <michel@stat.math.ethz.ch>’
No Authors@R field in DESCRIPTION.
Please add one, modifying
Authors@R: c(person(given = "Loris",
family = "Michel",
role = c("aut", "cre"),
email = "michel@stat.math.ethz.ch"),
person(given = "Meta-Lina",
family = "Spohn",
role = "aut"),
person(given = "Jeffrey",
family = "Naef",
role = "aut"))
as necessary.
The Description field contains
Michel et al. (2021) <arXiv:2106.03742>.
Please refer to arXiv e-prints via their arXiv DOI <doi:10.48550/arXiv.YYMM.NNNNN>.
Flavors: r-devel-linux-x86_64-debian-clang, r-devel-linux-x86_64-debian-gcc
These binaries (installable software) and packages are in development.
They may not be fully stable and should be used with caution. We make no claims about them.