Last updated on 2025-11-11 15:50:37 CET.
| Flavor | Version | Tinstall | Tcheck | Ttotal | Status | Flags |
|---|---|---|---|---|---|---|
| r-devel-linux-x86_64-debian-clang | 0.4 | 14.57 | 103.56 | 118.13 | NOTE | |
| r-devel-linux-x86_64-debian-gcc | 0.4 | 9.17 | 74.44 | 83.61 | NOTE | |
| r-devel-linux-x86_64-fedora-clang | 0.4 | 52.00 | 135.99 | 187.99 | OK | |
| r-devel-linux-x86_64-fedora-gcc | 0.4 | 57.00 | 118.49 | 175.49 | OK | |
| r-devel-windows-x86_64 | 0.4 | 14.00 | 101.00 | 115.00 | OK | |
| r-patched-linux-x86_64 | 0.4 | 12.22 | 97.66 | 109.88 | OK | |
| r-release-linux-x86_64 | 0.4 | 13.04 | 97.95 | 110.99 | OK | |
| r-release-macos-arm64 | 0.4 | 5.00 | 41.00 | 46.00 | OK | |
| r-release-macos-x86_64 | 0.4 | 11.00 | 74.00 | 85.00 | OK | |
| r-release-windows-x86_64 | 0.4 | 13.00 | 102.00 | 115.00 | OK | |
| r-oldrel-macos-arm64 | 0.4 | 6.00 | 40.00 | 46.00 | OK | |
| r-oldrel-macos-x86_64 | 0.4 | 10.00 | 63.00 | 73.00 | OK | |
| r-oldrel-windows-x86_64 | 0.4 | 19.00 | 125.00 | 144.00 | OK |
Version: 0.4
Check: CRAN incoming feasibility
Result: NOTE
Maintainer: ‘Sacha Epskamp <mail@sachaepskamp.com>’
No Authors@R field in DESCRIPTION.
Please add one, modifying
Authors@R: c(person(given = "Claudia",
family = "van Borkulo",
role = "aut"),
person(given = c("Sacha", "Epskamp;", "with", "contributions", "from", "Alexander"),
family = "Robitzsch",
role = "aut"),
person(given = c("Mihai", "Alexandru"),
family = "Constantin",
role = "aut"),
person(given = "Sacha",
family = "Epskamp",
role = "cre",
email = "mail@sachaepskamp.com"))
as necessary.
Flavors: r-devel-linux-x86_64-debian-clang, r-devel-linux-x86_64-debian-gcc
These binaries (installable software) and packages are in development.
They may not be fully stable and should be used with caution. We make no claims about them.