CRAN Package Check Results for Package Isinglandr

Last updated on 2025-10-03 01:49:49 CEST.

Flavor Version Tinstall Tcheck Ttotal Status Flags
r-devel-linux-x86_64-debian-clang 0.1.1 7.73 67.59 75.32 NOTE
r-devel-linux-x86_64-debian-gcc 0.1.1 5.72 47.68 53.40 NOTE
r-devel-linux-x86_64-fedora-clang 0.1.1 110.05 NOTE
r-devel-linux-x86_64-fedora-gcc 0.1.1 114.30 NOTE
r-devel-windows-x86_64 0.1.1 9.00 75.00 84.00 NOTE
r-patched-linux-x86_64 0.1.1 6.91 62.00 68.91 NOTE
r-release-linux-x86_64 0.1.1 6.69 61.41 68.10 NOTE
r-release-macos-arm64 0.1.1 30.00 NOTE
r-release-macos-x86_64 0.1.1 48.00 NOTE
r-release-windows-x86_64 0.1.1 10.00 78.00 88.00 NOTE
r-oldrel-macos-arm64 0.1.1 28.00 OK
r-oldrel-macos-x86_64 0.1.1 42.00 OK
r-oldrel-windows-x86_64 0.1.1 12.00 91.00 103.00 OK

Check Details

Version: 0.1.1
Check: DESCRIPTION meta-information
Result: NOTE Missing dependency on R >= 4.1.0 because package code uses the pipe |> or function shorthand \(...) syntax added in R 4.1.0. File(s) using such syntax: ‘chain-simulation.R’ Flavors: r-devel-linux-x86_64-debian-clang, r-devel-linux-x86_64-debian-gcc, r-devel-linux-x86_64-fedora-clang, r-devel-linux-x86_64-fedora-gcc, r-devel-windows-x86_64, r-patched-linux-x86_64, r-release-linux-x86_64, r-release-macos-arm64, r-release-macos-x86_64, r-release-windows-x86_64

These binaries (installable software) and packages are in development.
They may not be fully stable and should be used with caution. We make no claims about them.