Last updated on 2025-02-16 10:50:48 CET.
Flavor | Version | Tinstall | Tcheck | Ttotal | Status | Flags |
---|---|---|---|---|---|---|
r-devel-linux-x86_64-debian-clang | 0.1.1 | 6.42 | 52.74 | 59.16 | NOTE | |
r-devel-linux-x86_64-debian-gcc | 0.1.1 | 4.70 | 37.58 | 42.28 | NOTE | |
r-devel-linux-x86_64-fedora-clang | 0.1.1 | 94.26 | NOTE | |||
r-devel-linux-x86_64-fedora-gcc | 0.1.1 | 95.33 | NOTE | |||
r-devel-macos-arm64 | 0.1.1 | 30.00 | OK | |||
r-devel-macos-x86_64 | 0.1.1 | 48.00 | NOTE | |||
r-devel-windows-x86_64 | 0.1.1 | 8.00 | 69.00 | 77.00 | NOTE | |
r-patched-linux-x86_64 | 0.1.1 | 6.33 | 47.53 | 53.86 | OK | |
r-release-linux-x86_64 | 0.1.1 | 6.54 | 47.86 | 54.40 | OK | |
r-release-macos-arm64 | 0.1.1 | 28.00 | OK | |||
r-release-macos-x86_64 | 0.1.1 | 42.00 | OK | |||
r-release-windows-x86_64 | 0.1.1 | 7.00 | 68.00 | 75.00 | OK | |
r-oldrel-macos-arm64 | 0.1.1 | 25.00 | OK | |||
r-oldrel-macos-x86_64 | 0.1.1 | 44.00 | OK | |||
r-oldrel-windows-x86_64 | 0.1.1 | 11.00 | 74.00 | 85.00 | OK |
Version: 0.1.1
Check: DESCRIPTION meta-information
Result: NOTE
Missing dependency on R >= 4.1.0 because package code uses the pipe
|> or function shorthand \(...) syntax added in R 4.1.0.
File(s) using such syntax:
‘chain-simulation.R’
Flavors: r-devel-linux-x86_64-debian-clang, r-devel-linux-x86_64-debian-gcc, r-devel-linux-x86_64-fedora-clang, r-devel-linux-x86_64-fedora-gcc, r-devel-macos-x86_64, r-devel-windows-x86_64
These binaries (installable software) and packages are in development.
They may not be fully stable and should be used with caution. We make no claims about them.