Last updated on 2025-02-19 18:51:07 CET.
Flavor | Version | Tinstall | Tcheck | Ttotal | Status | Flags |
---|---|---|---|---|---|---|
r-devel-linux-x86_64-debian-clang | 23.10.1 | 1.80 | 27.32 | 29.12 | OK | |
r-devel-linux-x86_64-debian-gcc | 23.10.1 | 1.49 | 22.06 | 23.55 | OK | |
r-devel-linux-x86_64-fedora-clang | 23.10.1 | 45.86 | OK | |||
r-devel-linux-x86_64-fedora-gcc | 23.10.1 | 57.46 | OK | |||
r-devel-macos-arm64 | 23.10.1 | 60.00 | OK | |||
r-devel-macos-x86_64 | 23.10.1 | 95.00 | OK | |||
r-devel-windows-x86_64 | 23.10.1 | 3.00 | 82.00 | 85.00 | OK | |
r-patched-linux-x86_64 | 23.10.1 | 1.52 | 26.38 | 27.90 | OK | |
r-release-linux-x86_64 | 23.10.1 | 1.83 | 26.12 | 27.95 | OK | |
r-release-macos-arm64 | 23.10.1 | 50.00 | OK | |||
r-release-macos-x86_64 | 23.10.1 | 76.00 | OK | |||
r-release-windows-x86_64 | 23.10.1 | 3.00 | 113.00 | 116.00 | ERROR | |
r-oldrel-macos-arm64 | 23.10.1 | 55.00 | OK | |||
r-oldrel-macos-x86_64 | 23.10.1 | 114.00 | OK | |||
r-oldrel-windows-x86_64 | 23.10.1 | 3.00 | 140.00 | 143.00 | ERROR |
Version: 23.10.1
Check: tests
Result: ERROR
Running 'testthat.R' [61s]
Running the tests in 'tests/testthat.R' failed.
Complete output:
> library(testthat)
> library(IsoMemo)
>
> test_check("IsoMemo")
[ FAIL 1 | WARN 3 | SKIP 0 | PASS 0 ]
══ Failed tests ════════════════════════════════════════════════════════════════
── Error ('test-01-getData.R:3:3'): getData() actually retrieves all data ──────
Error in `expect_match(levels(df$source)[1], "14CSea")`: is.character(act$val) is not TRUE
Backtrace:
▆
1. └─testthat::expect_match(levels(df$source)[1], "14CSea") at test-01-getData.R:3:3
2. └─base::stopifnot(is.character(act$val))
[ FAIL 1 | WARN 3 | SKIP 0 | PASS 0 ]
Error: Test failures
Execution halted
Flavor: r-release-windows-x86_64
Version: 23.10.1
Check: tests
Result: ERROR
Running 'testthat.R' [62s]
Running the tests in 'tests/testthat.R' failed.
Complete output:
> library(testthat)
> library(IsoMemo)
>
> test_check("IsoMemo")
[ FAIL 1 | WARN 3 | SKIP 0 | PASS 0 ]
══ Failed tests ════════════════════════════════════════════════════════════════
── Error ('test-01-getData.R:3:3'): getData() actually retrieves all data ──────
Error in `expect_match(levels(df$source)[1], "14CSea")`: is.character(act$val) is not TRUE
Backtrace:
▆
1. └─testthat::expect_match(levels(df$source)[1], "14CSea") at test-01-getData.R:3:3
2. └─base::stopifnot(is.character(act$val))
[ FAIL 1 | WARN 3 | SKIP 0 | PASS 0 ]
Error: Test failures
Execution halted
Flavor: r-oldrel-windows-x86_64
These binaries (installable software) and packages are in development.
They may not be fully stable and should be used with caution. We make no claims about them.