CRAN Package Check Results for Package IsoSpecR

Last updated on 2025-05-08 04:52:08 CEST.

Flavor Version Tinstall Tcheck Ttotal Status Flags
r-devel-linux-x86_64-debian-clang 2.1.3 24.65 24.56 49.21 NOTE
r-devel-linux-x86_64-debian-gcc 2.1.3 16.76 19.56 36.32 NOTE
r-devel-linux-x86_64-fedora-clang 2.1.3 103.12 NOTE
r-devel-linux-x86_64-fedora-gcc 2.1.3 92.68 NOTE
r-devel-windows-x86_64 2.1.3 34.00 63.00 97.00 NOTE
r-patched-linux-x86_64 2.1.3 22.13 23.79 45.92 NOTE
r-release-linux-x86_64 2.1.3 24.02 23.41 47.43 NOTE
r-release-macos-arm64 2.1.3 30.00 NOTE
r-release-macos-x86_64 2.1.3 34.00 NOTE
r-release-windows-x86_64 2.1.3 35.00 69.00 104.00 NOTE
r-oldrel-macos-arm64 2.1.3 25.00 NOTE
r-oldrel-macos-x86_64 2.1.3 31.00 NOTE
r-oldrel-windows-x86_64 2.1.3 32.00 73.00 105.00 NOTE

Check Details

Version: 2.1.3
Check: CRAN incoming feasibility
Result: NOTE Maintainer: ‘Matteo Lacki <matteo.lacki@gmail.com>’ No Authors@R field in DESCRIPTION. Please add one, modifying Authors@R: c(person(given = c("Mateusz", "Krzysztof"), family = "Lacki", role = "aut"), person(given = "Michal", family = "Startek", role = "aut"), person(given = "Matteo", family = "Lacki", role = "cre", email = "matteo.lacki@gmail.com")) as necessary. Package CITATION file contains call(s) to old-style personList() or as.personList(). Please use c() on person objects instead. Package CITATION file contains call(s) to old-style citEntry(). Please use bibentry() instead. Flavors: r-devel-linux-x86_64-debian-clang, r-devel-linux-x86_64-debian-gcc

Version: 2.1.3
Check: C++ specification
Result: NOTE Specified C++14: please drop specification unless essential Flavors: r-devel-linux-x86_64-debian-clang, r-devel-linux-x86_64-debian-gcc, r-devel-linux-x86_64-fedora-clang, r-devel-linux-x86_64-fedora-gcc, r-devel-windows-x86_64, r-patched-linux-x86_64, r-release-linux-x86_64, r-release-macos-arm64, r-release-macos-x86_64, r-release-windows-x86_64, r-oldrel-macos-arm64, r-oldrel-macos-x86_64, r-oldrel-windows-x86_64

These binaries (installable software) and packages are in development.
They may not be fully stable and should be used with caution. We make no claims about them.