Last updated on 2025-05-08 04:52:08 CEST.
Flavor | Version | Tinstall | Tcheck | Ttotal | Status | Flags |
---|---|---|---|---|---|---|
r-devel-linux-x86_64-debian-clang | 0.9.3 | 33.53 | 472.94 | 506.47 | NOTE | |
r-devel-linux-x86_64-debian-gcc | 0.9.3 | 23.32 | 323.01 | 346.33 | NOTE | |
r-devel-linux-x86_64-fedora-clang | 0.9.3 | 863.55 | NOTE | |||
r-devel-linux-x86_64-fedora-gcc | 0.9.3 | 845.09 | NOTE | |||
r-devel-windows-x86_64 | 0.9.3 | 32.00 | 392.00 | 424.00 | NOTE | |
r-patched-linux-x86_64 | 0.9.3 | 32.90 | 449.86 | 482.76 | NOTE | |
r-release-linux-x86_64 | 0.9.3 | 34.58 | 457.13 | 491.71 | NOTE | |
r-release-macos-arm64 | 0.9.3 | 194.00 | NOTE | |||
r-release-macos-x86_64 | 0.9.3 | 452.00 | NOTE | |||
r-release-windows-x86_64 | 0.9.3 | 33.00 | 380.00 | 413.00 | NOTE | |
r-oldrel-macos-arm64 | 0.9.3 | 198.00 | OK | |||
r-oldrel-macos-x86_64 | 0.9.3 | 528.00 | OK | |||
r-oldrel-windows-x86_64 | 0.9.3 | 44.00 | 521.00 | 565.00 | OK |
Version: 0.9.3
Check: DESCRIPTION meta-information
Result: NOTE
Missing dependency on R >= 4.1.0 because package code uses the pipe
|> or function shorthand \(...) syntax added in R 4.1.0.
File(s) using such syntax:
‘calibfit.R’ ‘isofind.R’ ‘prepsources.R’ ‘serialize.R’
Flavors: r-devel-linux-x86_64-debian-clang, r-devel-linux-x86_64-debian-gcc, r-devel-linux-x86_64-fedora-clang, r-devel-linux-x86_64-fedora-gcc, r-devel-windows-x86_64, r-patched-linux-x86_64, r-release-linux-x86_64, r-release-macos-arm64, r-release-macos-x86_64, r-release-windows-x86_64
These binaries (installable software) and packages are in development.
They may not be fully stable and should be used with caution. We make no claims about them.