CRAN Package Check Results for Package IsoriX

Last updated on 2025-10-23 21:51:30 CEST.

Flavor Version Tinstall Tcheck Ttotal Status Flags
r-devel-linux-x86_64-debian-clang 0.9.3 35.51 472.89 508.40 NOTE
r-devel-linux-x86_64-debian-gcc 0.9.3 22.23 318.84 341.07 NOTE
r-devel-linux-x86_64-fedora-clang 0.9.3 79.00 714.57 793.57 NOTE
r-devel-linux-x86_64-fedora-gcc 0.9.3 72.00 692.75 764.75 NOTE
r-devel-windows-x86_64 0.9.3 34.00 384.00 418.00 NOTE
r-patched-linux-x86_64 0.9.3 34.26 458.46 492.72 NOTE
r-release-linux-x86_64 0.9.3 33.73 457.80 491.53 NOTE
r-release-macos-arm64 0.9.3 16.00 178.00 194.00 NOTE
r-release-macos-x86_64 0.9.3 32.00 420.00 452.00 NOTE
r-release-windows-x86_64 0.9.3 35.00 388.00 423.00 NOTE
r-oldrel-macos-arm64 0.9.3 15.00 183.00 198.00 OK
r-oldrel-macos-x86_64 0.9.3 46.00 482.00 528.00 OK
r-oldrel-windows-x86_64 0.9.3 46.00 523.00 569.00 OK

Check Details

Version: 0.9.3
Check: DESCRIPTION meta-information
Result: NOTE Missing dependency on R >= 4.1.0 because package code uses the pipe |> or function shorthand \(...) syntax added in R 4.1.0. File(s) using such syntax: ‘calibfit.R’ ‘isofind.R’ ‘prepsources.R’ ‘serialize.R’ Flavors: r-devel-linux-x86_64-debian-clang, r-devel-linux-x86_64-debian-gcc, r-devel-linux-x86_64-fedora-clang, r-devel-linux-x86_64-fedora-gcc, r-devel-windows-x86_64, r-patched-linux-x86_64, r-release-linux-x86_64, r-release-macos-arm64, r-release-macos-x86_64, r-release-windows-x86_64

Version: 0.9.3
Check: HTML version of manual
Result: NOTE Found the following HTML validation problems: IsoriX-defunct.html:42:1 (IsoriX-defunct.Rd:20): Warning: missing </ul> before </div> Flavor: r-devel-linux-x86_64-debian-clang

These binaries (installable software) and packages are in development.
They may not be fully stable and should be used with caution. We make no claims about them.