CRAN Package Check Results for Package IsoriX

Last updated on 2025-07-26 07:50:25 CEST.

Flavor Version Tinstall Tcheck Ttotal Status Flags
r-devel-linux-x86_64-debian-clang 0.9.3 36.50 468.82 505.32 NOTE
r-devel-linux-x86_64-debian-gcc 0.9.3 24.58 320.34 344.92 NOTE
r-devel-linux-x86_64-fedora-clang 0.9.3 769.74 NOTE
r-devel-linux-x86_64-fedora-gcc 0.9.3 771.73 NOTE
r-devel-windows-x86_64 0.9.3 34.00 380.00 414.00 NOTE
r-patched-linux-x86_64 0.9.3 37.49 458.33 495.82 NOTE
r-release-linux-x86_64 0.9.3 31.91 459.39 491.30 NOTE
r-release-macos-arm64 0.9.3 194.00 NOTE
r-release-macos-x86_64 0.9.3 452.00 NOTE
r-release-windows-x86_64 0.9.3 34.00 377.00 411.00 NOTE
r-oldrel-macos-arm64 0.9.3 198.00 OK
r-oldrel-macos-x86_64 0.9.3 528.00 OK
r-oldrel-windows-x86_64 0.9.3 45.00 517.00 562.00 OK

Check Details

Version: 0.9.3
Check: DESCRIPTION meta-information
Result: NOTE Missing dependency on R >= 4.1.0 because package code uses the pipe |> or function shorthand \(...) syntax added in R 4.1.0. File(s) using such syntax: ‘calibfit.R’ ‘isofind.R’ ‘prepsources.R’ ‘serialize.R’ Flavors: r-devel-linux-x86_64-debian-clang, r-devel-linux-x86_64-debian-gcc, r-devel-linux-x86_64-fedora-clang, r-devel-linux-x86_64-fedora-gcc, r-devel-windows-x86_64, r-patched-linux-x86_64, r-release-linux-x86_64, r-release-macos-arm64, r-release-macos-x86_64, r-release-windows-x86_64

These binaries (installable software) and packages are in development.
They may not be fully stable and should be used with caution. We make no claims about them.