CRAN Package Check Results for Package IterativeHardThresholding

Last updated on 2025-02-16 10:50:48 CET.

Flavor Version Tinstall Tcheck Ttotal Status Flags
r-devel-linux-x86_64-debian-clang 1.0.2 9.40 71.49 80.89 NOTE
r-devel-linux-x86_64-debian-gcc 1.0.2 6.32 51.38 57.70 NOTE
r-devel-linux-x86_64-fedora-clang 1.0.2 133.74 OK
r-devel-linux-x86_64-fedora-gcc 1.0.2 120.58 OK
r-devel-macos-arm64 1.0.2 39.00 OK
r-devel-macos-x86_64 1.0.2 70.00 OK
r-devel-windows-x86_64 1.0.2 11.00 78.00 89.00 NOTE
r-patched-linux-x86_64 1.0.2 12.72 66.54 79.26 OK
r-release-linux-x86_64 1.0.2 7.80 66.76 74.56 OK
r-release-macos-arm64 1.0.2 37.00 OK
r-release-macos-x86_64 1.0.2 57.00 OK
r-release-windows-x86_64 1.0.2 9.00 83.00 92.00 OK
r-oldrel-macos-arm64 1.0.2 37.00 OK
r-oldrel-macos-x86_64 1.0.2 74.00 OK
r-oldrel-windows-x86_64 1.0.2 12.00 97.00 109.00 OK

Check Details

Version: 1.0.2
Check: Rd cross-references
Result: NOTE Found the following Rd file(s) with Rd \link{} targets missing package anchors: createFastIhtPrior.Rd: fitCyclopsModel createIhtPrior.Rd: fitCyclopsModel Please provide package anchors for all Rd \link{} targets not in the package itself and the base packages. Flavors: r-devel-linux-x86_64-debian-clang, r-devel-linux-x86_64-debian-gcc, r-devel-windows-x86_64

These binaries (installable software) and packages are in development.
They may not be fully stable and should be used with caution. We make no claims about them.