Last updated on 2025-05-08 04:52:08 CEST.
Flavor | Version | Tinstall | Tcheck | Ttotal | Status | Flags |
---|---|---|---|---|---|---|
r-devel-linux-x86_64-debian-clang | 1.0.0 | 154.62 | 158.62 | 313.24 | OK | |
r-devel-linux-x86_64-debian-gcc | 1.0.0 | 109.19 | 111.19 | 220.38 | OK | |
r-devel-linux-x86_64-fedora-clang | 1.0.0 | 582.92 | NOTE | |||
r-devel-linux-x86_64-fedora-gcc | 1.0.0 | 588.03 | NOTE | |||
r-devel-windows-x86_64 | 1.0.0 | 170.00 | 186.00 | 356.00 | OK | |
r-patched-linux-x86_64 | 1.0.0 | 149.08 | 139.92 | 289.00 | OK | |
r-release-linux-x86_64 | 1.0.0 | 148.31 | 139.90 | 288.21 | OK | |
r-release-macos-arm64 | 1.0.0 | 147.00 | OK | |||
r-release-macos-x86_64 | 1.0.0 | 229.00 | OK | |||
r-release-windows-x86_64 | 1.0.0 | 171.00 | 176.00 | 347.00 | OK | |
r-oldrel-macos-arm64 | 1.0.0 | 118.00 | NOTE | |||
r-oldrel-macos-x86_64 | 1.0.0 | 178.00 | NOTE | |||
r-oldrel-windows-x86_64 | 1.0.0 | 199.00 | 226.00 | 425.00 | OK |
Version: 1.0.0
Check: dependencies in R code
Result: NOTE
Namespace in Imports field not imported from: ‘progress’
All declared Imports should be used.
Flavors: r-devel-linux-x86_64-fedora-clang, r-devel-linux-x86_64-fedora-gcc
Version: 1.0.0
Check: installed package size
Result: NOTE
installed size is 9.0Mb
sub-directories of 1Mb or more:
libs 8.7Mb
Flavors: r-oldrel-macos-arm64, r-oldrel-macos-x86_64
These binaries (installable software) and packages are in development.
They may not be fully stable and should be used with caution. We make no claims about them.