Last updated on 2025-07-03 23:50:51 CEST.
Flavor | Version | Tinstall | Tcheck | Ttotal | Status | Flags |
---|---|---|---|---|---|---|
r-devel-linux-x86_64-debian-clang | 1.1.0 | 162.76 | 158.80 | 321.56 | OK | |
r-devel-linux-x86_64-debian-gcc | 1.1.0 | 109.72 | 133.50 | 243.22 | OK | |
r-devel-linux-x86_64-fedora-clang | 1.1.0 | 544.25 | OK | |||
r-devel-linux-x86_64-fedora-gcc | 1.1.0 | 519.31 | OK | |||
r-devel-windows-x86_64 | 1.1.0 | 170.00 | 170.00 | 340.00 | OK | |
r-patched-linux-x86_64 | 1.1.0 | 154.23 | 165.95 | 320.18 | OK | |
r-release-linux-x86_64 | 1.1.0 | 153.15 | 139.90 | 293.05 | OK | |
r-release-macos-arm64 | 1.1.0 | 122.00 | OK | |||
r-release-macos-x86_64 | 1.1.0 | 183.00 | OK | |||
r-release-windows-x86_64 | 1.1.0 | 170.00 | 184.00 | 354.00 | OK | |
r-oldrel-macos-arm64 | 1.1.0 | 127.00 | NOTE | |||
r-oldrel-macos-x86_64 | 1.1.0 | 188.00 | NOTE | |||
r-oldrel-windows-x86_64 | 1.1.0 | 208.00 | 222.00 | 430.00 | OK |
Version: 1.1.0
Check: installed package size
Result: NOTE
installed size is 9.0Mb
sub-directories of 1Mb or more:
libs 8.7Mb
Flavors: r-oldrel-macos-arm64, r-oldrel-macos-x86_64
These binaries (installable software) and packages are in development.
They may not be fully stable and should be used with caution. We make no claims about them.