CRAN Package Check Results for Package JCRImpactFactor

Last updated on 2025-07-01 15:49:52 CEST.

Flavor Version Tinstall Tcheck Ttotal Status Flags
r-devel-linux-x86_64-debian-clang 1.0.0 2.96 23.98 26.94 NOTE
r-devel-linux-x86_64-debian-gcc 1.0.0 1.89 19.32 21.21 NOTE
r-devel-linux-x86_64-fedora-clang 1.0.0 41.74 OK
r-devel-linux-x86_64-fedora-gcc 1.0.0 38.69 OK
r-devel-windows-x86_64 1.0.0 4.00 43.00 47.00 OK
r-patched-linux-x86_64 OK
r-release-linux-x86_64 1.0.0 2.68 22.82 25.50 OK
r-release-macos-arm64 1.0.0 20.00 OK
r-release-macos-x86_64 1.0.0 29.00 OK
r-release-windows-x86_64 1.0.0 4.00 44.00 48.00 OK
r-oldrel-macos-arm64 1.0.0 19.00 OK
r-oldrel-macos-x86_64 1.0.0 24.00 OK
r-oldrel-windows-x86_64 1.0.0 4.00 50.00 54.00 OK

Check Details

Version: 1.0.0
Check: CRAN incoming feasibility
Result: NOTE Maintainer: ‘Shahla Faisal <shahla_ramzan@yahoo.com>’ No Authors@R field in DESCRIPTION. Please add one, modifying Authors@R: person(given = "Shahla", family = "Faisal", role = c("aut", "cre"), email = "shahla_ramzan@yahoo.com") as necessary. Flavors: r-devel-linux-x86_64-debian-clang, r-devel-linux-x86_64-debian-gcc

These binaries (installable software) and packages are in development.
They may not be fully stable and should be used with caution. We make no claims about them.