CRAN Package Check Results for Package JCRImpactFactor

Last updated on 2025-10-23 15:49:58 CEST.

Flavor Version Tinstall Tcheck Ttotal Status Flags
r-devel-linux-x86_64-debian-clang 1.0.0 2.73 25.35 28.08 NOTE
r-devel-linux-x86_64-debian-gcc 1.0.0 1.98 19.95 21.93 NOTE
r-devel-linux-x86_64-fedora-clang 1.0.0 39.97 OK
r-devel-linux-x86_64-fedora-gcc 1.0.0 38.92 OK
r-devel-windows-x86_64 1.0.0 4.00 43.00 47.00 OK
r-patched-linux-x86_64 1.0.0 2.73 23.98 26.71 OK
r-release-linux-x86_64 1.0.0 2.40 23.68 26.08 OK
r-release-macos-arm64 1.0.0 2.00 18.00 20.00 OK
r-release-macos-x86_64 1.0.0 2.00 27.00 29.00 OK
r-release-windows-x86_64 1.0.0 5.00 45.00 50.00 OK
r-oldrel-macos-arm64 1.0.0 2.00 17.00 19.00 OK
r-oldrel-macos-x86_64 1.0.0 2.00 22.00 24.00 OK
r-oldrel-windows-x86_64 1.0.0 8.00 49.00 57.00 OK

Check Details

Version: 1.0.0
Check: CRAN incoming feasibility
Result: NOTE Maintainer: ‘Shahla Faisal <shahla_ramzan@yahoo.com>’ No Authors@R field in DESCRIPTION. Please add one, modifying Authors@R: person(given = "Shahla", family = "Faisal", role = c("aut", "cre"), email = "shahla_ramzan@yahoo.com") as necessary. Flavors: r-devel-linux-x86_64-debian-clang, r-devel-linux-x86_64-debian-gcc

These binaries (installable software) and packages are in development.
They may not be fully stable and should be used with caution. We make no claims about them.