Last updated on 2025-07-25 01:49:30 CEST.
Flavor | Version | Tinstall | Tcheck | Ttotal | Status | Flags |
---|---|---|---|---|---|---|
r-devel-linux-x86_64-debian-clang | 0.3.5 | 4.11 | 37.43 | 41.54 | OK | |
r-devel-linux-x86_64-debian-gcc | 0.3.5 | 3.21 | 28.93 | 32.14 | OK | |
r-devel-linux-x86_64-fedora-clang | 0.3.6 | 65.02 | OK | |||
r-devel-linux-x86_64-fedora-gcc | 0.3.6 | 62.07 | OK | |||
r-devel-windows-x86_64 | 0.3.5 | 6.00 | 61.00 | 67.00 | OK | |
r-patched-linux-x86_64 | 0.3.5 | 4.27 | 34.10 | 38.37 | OK | |
r-release-linux-x86_64 | 0.3.5 | 3.80 | 34.30 | 38.10 | OK | |
r-release-macos-arm64 | 0.3.5 | 31.00 | OK | |||
r-release-macos-x86_64 | 0.3.6 | 43.00 | OK | |||
r-release-windows-x86_64 | 0.3.5 | 7.00 | 58.00 | 65.00 | OK | |
r-oldrel-macos-arm64 | 0.3.5 | 29.00 | NOTE | |||
r-oldrel-macos-x86_64 | 0.3.6 | 43.00 | NOTE | |||
r-oldrel-windows-x86_64 | 0.3.5 | 8.00 | 67.00 | 75.00 | NOTE |
Version: 0.3.5
Check: installed package size
Result: NOTE
installed size is 6.2Mb
sub-directories of 1Mb or more:
extdata 4.0Mb
help 2.0Mb
Flavors: r-oldrel-macos-arm64, r-oldrel-windows-x86_64
Version: 0.3.6
Check: installed package size
Result: NOTE
installed size is 6.2Mb
sub-directories of 1Mb or more:
extdata 4.0Mb
help 2.0Mb
Flavor: r-oldrel-macos-x86_64
These binaries (installable software) and packages are in development.
They may not be fully stable and should be used with caution. We make no claims about them.