Last updated on 2025-11-14 21:50:02 CET.
| Flavor | Version | Tinstall | Tcheck | Ttotal | Status | Flags |
|---|---|---|---|---|---|---|
| r-devel-linux-x86_64-debian-clang | 0.3.6 | 3.85 | 40.83 | 44.68 | OK | |
| r-devel-linux-x86_64-debian-gcc | 0.3.6 | 2.72 | 31.04 | 33.76 | OK | |
| r-devel-linux-x86_64-fedora-clang | 0.3.6 | 17.00 | 50.57 | 67.57 | OK | |
| r-devel-linux-x86_64-fedora-gcc | 0.3.6 | 19.00 | 47.33 | 66.33 | OK | |
| r-devel-windows-x86_64 | 0.3.6 | 7.00 | 58.00 | 65.00 | OK | |
| r-patched-linux-x86_64 | 0.3.6 | 4.81 | 38.31 | 43.12 | OK | |
| r-release-linux-x86_64 | 0.3.6 | 2.51 | 37.96 | 40.47 | OK | |
| r-release-macos-arm64 | 0.3.6 | 2.00 | 26.00 | 28.00 | OK | |
| r-release-macos-x86_64 | 0.3.6 | 4.00 | 39.00 | 43.00 | OK | |
| r-release-windows-x86_64 | 0.3.6 | 6.00 | 58.00 | 64.00 | OK | |
| r-oldrel-macos-arm64 | 0.3.6 | 2.00 | 32.00 | 34.00 | NOTE | |
| r-oldrel-macos-x86_64 | 0.3.6 | 4.00 | 39.00 | 43.00 | NOTE | |
| r-oldrel-windows-x86_64 | 0.3.6 | 8.00 | 69.00 | 77.00 | NOTE |
Version: 0.3.6
Check: installed package size
Result: NOTE
installed size is 6.2Mb
sub-directories of 1Mb or more:
extdata 4.0Mb
help 2.0Mb
Flavors: r-oldrel-macos-arm64, r-oldrel-macos-x86_64, r-oldrel-windows-x86_64
These binaries (installable software) and packages are in development.
They may not be fully stable and should be used with caution. We make no claims about them.