Last updated on 2025-10-23 23:49:33 CEST.
| Flavor | Version | Tinstall | Tcheck | Ttotal | Status | Flags |
|---|---|---|---|---|---|---|
| r-devel-linux-x86_64-debian-clang | 1.9-2 | 4.07 | 35.15 | 39.22 | NOTE | |
| r-devel-linux-x86_64-debian-gcc | 1.9-2 | 2.71 | 26.80 | 29.51 | NOTE | |
| r-devel-linux-x86_64-fedora-clang | 1.9-2 | 56.43 | OK | |||
| r-devel-linux-x86_64-fedora-gcc | 1.9-2 | 53.69 | OK | |||
| r-devel-windows-x86_64 | 1.9-2 | 4.00 | 52.00 | 56.00 | OK | |
| r-patched-linux-x86_64 | 1.9-2 | 3.94 | 33.96 | 37.90 | OK | |
| r-release-linux-x86_64 | 1.9-2 | 3.66 | 33.54 | 37.20 | OK | |
| r-release-macos-arm64 | 1.9-2 | 2.00 | 19.00 | 21.00 | OK | --install=fake |
| r-release-macos-x86_64 | 1.9-2 | 4.00 | 30.00 | 34.00 | OK | --install=fake |
| r-release-windows-x86_64 | 1.9-2 | 5.00 | 62.00 | 67.00 | OK | |
| r-oldrel-macos-arm64 | 1.9-2 | 2.00 | 17.00 | 19.00 | OK | --install=fake |
| r-oldrel-macos-x86_64 | 1.9-2 | 3.00 | 27.00 | 30.00 | OK | --install=fake |
| r-oldrel-windows-x86_64 | 1.9-2 | 5.00 | 61.00 | 66.00 | OK |
Version: 1.9-2
Check: CRAN incoming feasibility
Result: NOTE
Maintainer: ‘Markus Helbig <mhelbig81@googlemail.com>’
No Authors@R field in DESCRIPTION.
Please add one, modifying
Authors@R: c(person(given = "Markus",
family = "Helbig",
role = c("aut", "cre"),
email = "mhelbig81@googlemail.com"),
person(given = "Simon",
family = "Urbanek",
role = "aut"),
person(given = "Ian",
family = "Fellows",
role = "aut"))
as necessary.
Flavors: r-devel-linux-x86_64-debian-clang, r-devel-linux-x86_64-debian-gcc
Version: 1.9-2
Check: HTML version of manual
Result: NOTE
Found the following HTML validation problems:
supplements.html:129:1 (supplements.Rd:57): Warning: missing </ul> before </div>
Flavor: r-devel-linux-x86_64-debian-clang
These binaries (installable software) and packages are in development.
They may not be fully stable and should be used with caution. We make no claims about them.