Last updated on 2025-05-01 17:56:06 CEST.
Flavor | Version | Tinstall | Tcheck | Ttotal | Status | Flags |
---|---|---|---|---|---|---|
r-devel-linux-x86_64-debian-clang | 1.9-2 | 4.24 | 33.76 | 38.00 | NOTE | |
r-devel-linux-x86_64-debian-gcc | 1.9-2 | 2.99 | 25.29 | 28.28 | NOTE | |
r-devel-linux-x86_64-fedora-clang | 1.9-2 | 61.96 | OK | |||
r-devel-linux-x86_64-fedora-gcc | 1.9-2 | 63.05 | OK | |||
r-devel-windows-x86_64 | 1.9-2 | 5.00 | 59.00 | 64.00 | OK | |
r-patched-linux-x86_64 | 1.9-2 | 4.18 | 32.55 | 36.73 | OK | |
r-release-linux-x86_64 | OK | |||||
r-release-macos-arm64 | 1.9-2 | 21.00 | OK | --install=fake | ||
r-release-macos-x86_64 | 1.9-2 | 34.00 | OK | --install=fake | ||
r-release-windows-x86_64 | 1.9-2 | 5.00 | 72.00 | 77.00 | OK | |
r-oldrel-macos-arm64 | 1.9-2 | 19.00 | OK | --install=fake | ||
r-oldrel-macos-x86_64 | 1.9-2 | 30.00 | OK | --install=fake | ||
r-oldrel-windows-x86_64 | 1.9-2 | 5.00 | 59.00 | 64.00 | OK |
Version: 1.9-2
Check: CRAN incoming feasibility
Result: NOTE
Maintainer: ‘Markus Helbig <mhelbig81@googlemail.com>’
No Authors@R field in DESCRIPTION.
Please add one, modifying
Authors@R: c(person(given = "Markus",
family = "Helbig",
role = c("aut", "cre"),
email = "mhelbig81@googlemail.com"),
person(given = "Simon",
family = "Urbanek",
role = "aut"),
person(given = "Ian",
family = "Fellows",
role = "aut"))
as necessary.
Flavors: r-devel-linux-x86_64-debian-clang, r-devel-linux-x86_64-debian-gcc
These binaries (installable software) and packages are in development.
They may not be fully stable and should be used with caution. We make no claims about them.