Last updated on 2025-07-05 03:48:40 CEST.
Flavor | Version | Tinstall | Tcheck | Ttotal | Status | Flags |
---|---|---|---|---|---|---|
r-devel-linux-x86_64-debian-clang | 1.5-2 | 26.04 | 127.53 | 153.57 | NOTE | |
r-devel-linux-x86_64-debian-gcc | 1.5-2 | 16.17 | 85.05 | 101.22 | NOTE | |
r-devel-linux-x86_64-fedora-clang | 1.5-2 | 237.66 | OK | |||
r-devel-linux-x86_64-fedora-gcc | 1.5-2 | 224.12 | OK | |||
r-devel-windows-x86_64 | 1.5-2 | 22.00 | 123.00 | 145.00 | OK | |
r-patched-linux-x86_64 | 1.5-2 | 24.86 | 119.27 | 144.13 | OK | |
r-release-linux-x86_64 | 1.5-2 | 26.67 | 118.39 | 145.06 | OK | |
r-release-macos-arm64 | 1.5-2 | 58.00 | OK | |||
r-release-macos-x86_64 | 1.5-2 | 127.00 | OK | |||
r-release-windows-x86_64 | 1.5-2 | 25.00 | 124.00 | 149.00 | OK | |
r-oldrel-macos-arm64 | 1.5-2 | 54.00 | OK | |||
r-oldrel-macos-x86_64 | 1.5-2 | 100.00 | OK | |||
r-oldrel-windows-x86_64 | 1.5-2 | 34.00 | 152.00 | 186.00 | OK |
Version: 1.5-2
Check: CRAN incoming feasibility
Result: NOTE
Maintainer: ‘Dimitris Rizopoulos <d.rizopoulos@erasmusmc.nl>’
No Authors@R field in DESCRIPTION.
Please add one, modifying
Authors@R: person(given = "Dimitris",
family = "Rizopoulos",
role = c("aut", "cre"),
email = "d.rizopoulos@erasmusmc.nl")
as necessary.
Package CITATION file contains call(s) to old-style personList() or
as.personList(). Please use c() on person objects instead.
Package CITATION file contains call(s) to old-style citEntry(). Please
use bibentry() instead.
Flavors: r-devel-linux-x86_64-debian-clang, r-devel-linux-x86_64-debian-gcc
These binaries (installable software) and packages are in development.
They may not be fully stable and should be used with caution. We make no claims about them.