Last updated on 2025-05-01 14:49:13 CEST.
Flavor | Version | Tinstall | Tcheck | Ttotal | Status | Flags |
---|---|---|---|---|---|---|
r-devel-linux-x86_64-debian-clang | 1.5-2 | 26.25 | 129.13 | 155.38 | NOTE | |
r-devel-linux-x86_64-debian-gcc | 1.5-2 | 15.70 | 81.99 | 97.69 | NOTE | |
r-devel-linux-x86_64-fedora-clang | 1.5-2 | 264.45 | OK | |||
r-devel-linux-x86_64-fedora-gcc | 1.5-2 | 231.48 | OK | |||
r-devel-windows-x86_64 | 1.5-2 | 23.00 | 126.00 | 149.00 | OK | |
r-patched-linux-x86_64 | 1.5-2 | 23.10 | 121.84 | 144.94 | OK | |
r-release-linux-x86_64 | OK | |||||
r-release-macos-arm64 | 1.5-2 | 58.00 | OK | |||
r-release-macos-x86_64 | 1.5-2 | 127.00 | OK | |||
r-release-windows-x86_64 | 1.5-2 | 23.00 | 136.00 | 159.00 | OK | |
r-oldrel-macos-arm64 | 1.5-2 | 54.00 | OK | |||
r-oldrel-macos-x86_64 | 1.5-2 | 100.00 | OK | |||
r-oldrel-windows-x86_64 | 1.5-2 | 29.00 | 152.00 | 181.00 | OK |
Version: 1.5-2
Check: CRAN incoming feasibility
Result: NOTE
Maintainer: ‘Dimitris Rizopoulos <d.rizopoulos@erasmusmc.nl>’
No Authors@R field in DESCRIPTION.
Please add one, modifying
Authors@R: person(given = "Dimitris",
family = "Rizopoulos",
role = c("aut", "cre"),
email = "d.rizopoulos@erasmusmc.nl")
as necessary.
Package CITATION file contains call(s) to old-style personList() or
as.personList(). Please use c() on person objects instead.
Package CITATION file contains call(s) to old-style citEntry(). Please
use bibentry() instead.
Flavors: r-devel-linux-x86_64-debian-clang, r-devel-linux-x86_64-debian-gcc
These binaries (installable software) and packages are in development.
They may not be fully stable and should be used with caution. We make no claims about them.