CRAN Package Check Results for Package JMH

Last updated on 2025-02-16 12:53:39 CET.

Flavor Version Tinstall Tcheck Ttotal Status Flags
r-devel-linux-x86_64-debian-clang 1.0.3 391.82 125.35 517.17 OK
r-devel-linux-x86_64-debian-gcc 1.0.3 311.50 119.52 431.02 OK
r-devel-linux-x86_64-fedora-clang 1.0.3 898.37 OK
r-devel-linux-x86_64-fedora-gcc 1.0.3 1034.34 OK
r-devel-macos-arm64 1.0.3 211.00 OK
r-devel-macos-x86_64 1.0.3 227.00 OK
r-devel-windows-x86_64 1.0.3 350.00 167.00 517.00 OK
r-patched-linux-x86_64 1.0.3 410.62 164.03 574.65 OK
r-release-linux-x86_64 1.0.3 402.71 159.14 561.85 OK
r-release-macos-arm64 1.0.3 221.00 NOTE
r-release-macos-x86_64 1.0.3 199.00 NOTE
r-release-windows-x86_64 1.0.3 352.00 165.00 517.00 OK
r-oldrel-macos-arm64 1.0.3 205.00 NOTE
r-oldrel-macos-x86_64 1.0.3 217.00 NOTE
r-oldrel-windows-x86_64 1.0.3 444.00 201.00 645.00 OK

Check Details

Version: 1.0.3
Check: installed package size
Result: NOTE installed size is 40.0Mb sub-directories of 1Mb or more: libs 39.5Mb Flavors: r-release-macos-arm64, r-release-macos-x86_64, r-oldrel-macos-arm64, r-oldrel-macos-x86_64

These binaries (installable software) and packages are in development.
They may not be fully stable and should be used with caution. We make no claims about them.