Last updated on 2025-02-19 06:50:49 CET.
Flavor | Version | Tinstall | Tcheck | Ttotal | Status | Flags |
---|---|---|---|---|---|---|
r-devel-linux-x86_64-debian-clang | 0.8-85 | 130.21 | 197.24 | 327.45 | NOTE | |
r-devel-linux-x86_64-debian-gcc | 0.8-85 | 84.81 | 129.66 | 214.47 | NOTE | |
r-devel-linux-x86_64-fedora-clang | 0.8-85 | 543.64 | NOTE | |||
r-devel-linux-x86_64-fedora-gcc | 0.8-85 | 530.95 | NOTE | |||
r-devel-macos-arm64 | 0.8-85 | 105.00 | NOTE | |||
r-devel-macos-x86_64 | 0.8-85 | 184.00 | NOTE | |||
r-devel-windows-x86_64 | 0.8-85 | 111.00 | 183.00 | 294.00 | NOTE | |
r-patched-linux-x86_64 | 0.8-85 | 125.27 | 186.07 | 311.34 | NOTE | |
r-release-linux-x86_64 | 0.8-85 | 116.92 | 185.27 | 302.19 | NOTE | |
r-release-macos-arm64 | 0.8-85 | 112.00 | NOTE | |||
r-release-macos-x86_64 | 0.8-85 | 159.00 | NOTE | |||
r-release-windows-x86_64 | 0.8-85 | 110.00 | 189.00 | 299.00 | NOTE | |
r-oldrel-macos-arm64 | 0.8-85 | 122.00 | NOTE | |||
r-oldrel-macos-x86_64 | 0.8-85 | 207.00 | NOTE | |||
r-oldrel-windows-x86_64 | 0.8-85 | 140.00 | 253.00 | 393.00 | NOTE |
Version: 0.8-85
Check: C++ specification
Result: NOTE
Specified C++11: please drop specification unless essential
Flavors: r-devel-linux-x86_64-debian-clang, r-devel-linux-x86_64-debian-gcc, r-devel-linux-x86_64-fedora-clang, r-devel-linux-x86_64-fedora-gcc, r-devel-macos-arm64, r-devel-macos-x86_64, r-devel-windows-x86_64, r-patched-linux-x86_64, r-release-linux-x86_64, r-release-macos-arm64, r-release-macos-x86_64, r-release-windows-x86_64, r-oldrel-macos-arm64, r-oldrel-macos-x86_64, r-oldrel-windows-x86_64
Version: 0.8-85
Check: installed package size
Result: NOTE
installed size is 8.3Mb
sub-directories of 1Mb or more:
libs 7.2Mb
Flavors: r-release-macos-arm64, r-release-macos-x86_64, r-oldrel-macos-arm64, r-oldrel-macos-x86_64
These binaries (installable software) and packages are in development.
They may not be fully stable and should be used with caution. We make no claims about them.