Last updated on 2025-11-12 19:51:52 CET.
| Flavor | Version | Tinstall | Tcheck | Ttotal | Status | Flags |
|---|---|---|---|---|---|---|
| r-devel-linux-x86_64-debian-clang | 0.9-0 | 131.10 | 211.84 | 342.94 | OK | |
| r-devel-linux-x86_64-debian-gcc | 0.9-0 | 88.31 | 149.99 | 238.30 | OK | |
| r-devel-linux-x86_64-fedora-clang | 0.9-0 | 317.00 | 271.90 | 588.90 | OK | |
| r-devel-linux-x86_64-fedora-gcc | 0.9-0 | 438.00 | 148.57 | 586.57 | OK | |
| r-devel-windows-x86_64 | 0.9-0 | 123.00 | 203.00 | 326.00 | OK | |
| r-patched-linux-x86_64 | 0.9-0 | 121.83 | 207.73 | 329.56 | OK | |
| r-release-linux-x86_64 | 0.9-0 | 123.39 | 206.78 | 330.17 | OK | |
| r-release-macos-arm64 | 0.9-0 | 44.00 | 78.00 | 122.00 | OK | |
| r-release-macos-x86_64 | 0.9-0 | 123.00 | 295.00 | 418.00 | OK | |
| r-release-windows-x86_64 | 0.9-0 | 124.00 | 201.00 | 325.00 | OK | |
| r-oldrel-macos-arm64 | 0.9-0 | 44.00 | 80.00 | 124.00 | NOTE | |
| r-oldrel-macos-x86_64 | 0.9-0 | 97.00 | 221.00 | 318.00 | NOTE | |
| r-oldrel-windows-x86_64 | 0.9-0 | 156.00 | 256.00 | 412.00 | OK |
Version: 0.9-0
Check: installed package size
Result: NOTE
installed size is 8.5Mb
sub-directories of 1Mb or more:
libs 7.3Mb
Flavors: r-oldrel-macos-arm64, r-oldrel-macos-x86_64
These binaries (installable software) and packages are in development.
They may not be fully stable and should be used with caution. We make no claims about them.