Last updated on 2025-02-16 10:50:49 CET.
Flavor | Version | Tinstall | Tcheck | Ttotal | Status | Flags |
---|---|---|---|---|---|---|
r-devel-linux-x86_64-debian-clang | 0.5-0 | 93.96 | 118.64 | 212.60 | OK | |
r-devel-linux-x86_64-debian-gcc | 0.5-0 | 54.74 | 82.18 | 136.92 | OK | |
r-devel-linux-x86_64-fedora-clang | 0.5-0 | 343.61 | OK | |||
r-devel-linux-x86_64-fedora-gcc | 0.5-0 | 334.26 | OK | |||
r-devel-macos-arm64 | 0.5-0 | 80.00 | OK | |||
r-devel-macos-x86_64 | 0.5-0 | 204.00 | OK | |||
r-devel-windows-x86_64 | 0.5-0 | 70.00 | 135.00 | 205.00 | OK | |
r-patched-linux-x86_64 | 0.5-0 | 77.45 | 110.72 | 188.17 | OK | |
r-release-linux-x86_64 | 0.5-0 | 75.30 | 109.61 | 184.91 | OK | |
r-release-macos-arm64 | 0.5-0 | 78.00 | NOTE | |||
r-release-macos-x86_64 | 0.5-0 | 227.00 | NOTE | |||
r-release-windows-x86_64 | 0.5-0 | 68.00 | 139.00 | 207.00 | OK | |
r-oldrel-macos-arm64 | 0.5-0 | 79.00 | NOTE | |||
r-oldrel-macos-x86_64 | 0.5-0 | 225.00 | NOTE | |||
r-oldrel-windows-x86_64 | 0.5-0 | 94.00 | 153.00 | 247.00 | OK |
Version: 0.5-0
Check: installed package size
Result: NOTE
installed size is 10.4Mb
sub-directories of 1Mb or more:
libs 9.6Mb
Flavors: r-release-macos-arm64, r-release-macos-x86_64, r-oldrel-macos-arm64, r-oldrel-macos-x86_64
These binaries (installable software) and packages are in development.
They may not be fully stable and should be used with caution. We make no claims about them.