Last updated on 2025-11-11 15:50:37 CET.
| Flavor | Version | Tinstall | Tcheck | Ttotal | Status | Flags |
|---|---|---|---|---|---|---|
| r-devel-linux-x86_64-debian-clang | 0.5-7 | 101.03 | 138.93 | 239.96 | OK | |
| r-devel-linux-x86_64-debian-gcc | 0.5-7 | 59.77 | 95.06 | 154.83 | OK | |
| r-devel-linux-x86_64-fedora-clang | 0.5-7 | 780.00 | -386.61 | 393.39 | OK | |
| r-devel-linux-x86_64-fedora-gcc | 0.5-7 | 442.00 | -58.10 | 383.90 | OK | |
| r-devel-windows-x86_64 | 0.5-7 | 83.00 | 147.00 | 230.00 | OK | |
| r-patched-linux-x86_64 | 0.5-7 | 84.35 | 133.09 | 217.44 | OK | |
| r-release-linux-x86_64 | 0.5-7 | 84.60 | 133.47 | 218.07 | OK | |
| r-release-macos-arm64 | 0.5-7 | 38.00 | 53.00 | 91.00 | OK | |
| r-release-macos-x86_64 | 0.5-7 | 62.00 | 107.00 | 169.00 | OK | |
| r-release-windows-x86_64 | 0.5-7 | 109.00 | 140.00 | 249.00 | OK | |
| r-oldrel-macos-arm64 | 0.5-7 | 33.00 | 53.00 | 86.00 | NOTE | |
| r-oldrel-macos-x86_64 | 0.5-7 | 56.00 | 87.00 | 143.00 | NOTE | |
| r-oldrel-windows-x86_64 | 0.5-7 | 101.00 | 197.00 | 298.00 | OK |
Version: 0.5-7
Check: installed package size
Result: NOTE
installed size is 10.7Mb
sub-directories of 1Mb or more:
libs 9.8Mb
Flavors: r-oldrel-macos-arm64, r-oldrel-macos-x86_64
These binaries (installable software) and packages are in development.
They may not be fully stable and should be used with caution. We make no claims about them.