Last updated on 2024-07-27 15:50:21 CEST.
Flavor | Version | Tinstall | Tcheck | Ttotal | Status | Flags |
---|---|---|---|---|---|---|
r-devel-linux-x86_64-debian-clang | 0.5-0 | 111.75 | 149.65 | 261.40 | OK | |
r-devel-linux-x86_64-debian-gcc | 0.5-0 | OK | ||||
r-devel-linux-x86_64-fedora-clang | 0.5-0 | 337.56 | OK | |||
r-devel-linux-x86_64-fedora-gcc | 0.5-0 | 332.84 | OK | |||
r-devel-windows-x86_64 | 0.5-0 | 73.00 | 136.00 | 209.00 | OK | |
r-patched-linux-x86_64 | 0.5-0 | OK | ||||
r-release-linux-x86_64 | 0.5-0 | 84.22 | 143.84 | 228.06 | OK | |
r-release-macos-arm64 | 0.5-0 | 78.00 | NOTE | |||
r-release-macos-x86_64 | 0.5-0 | 227.00 | NOTE | |||
r-release-windows-x86_64 | 0.5-0 | 76.00 | 136.00 | 212.00 | OK | |
r-oldrel-macos-arm64 | 0.5-0 | 79.00 | NOTE | |||
r-oldrel-macos-x86_64 | 0.5-0 | 225.00 | NOTE | |||
r-oldrel-windows-x86_64 | 0.5-0 | 94.00 | 169.00 | 263.00 | OK |
Version: 0.5-0
Check: installed package size
Result: NOTE
installed size is 10.4Mb
sub-directories of 1Mb or more:
libs 9.6Mb
Flavors: r-release-macos-arm64, r-release-macos-x86_64, r-oldrel-macos-arm64, r-oldrel-macos-x86_64
These binaries (installable software) and packages are in development.
They may not be fully stable and should be used with caution. We make no claims about them.