Last updated on 2025-05-08 04:52:08 CEST.
Flavor | Version | Tinstall | Tcheck | Ttotal | Status | Flags |
---|---|---|---|---|---|---|
r-devel-linux-x86_64-debian-clang | 0.5-2 | 94.79 | 127.96 | 222.75 | OK | |
r-devel-linux-x86_64-debian-gcc | 0.5-2 | 59.77 | 89.81 | 149.58 | OK | |
r-devel-linux-x86_64-fedora-clang | 0.5-2 | 369.44 | OK | |||
r-devel-linux-x86_64-fedora-gcc | 0.5-2 | 387.56 | OK | |||
r-devel-windows-x86_64 | 0.5-2 | 79.00 | 142.00 | 221.00 | OK | |
r-patched-linux-x86_64 | 0.5-2 | 79.33 | 122.54 | 201.87 | OK | |
r-release-linux-x86_64 | 0.5-2 | 81.15 | 122.43 | 203.58 | OK | |
r-release-macos-arm64 | 0.5-2 | 111.00 | OK | |||
r-release-macos-x86_64 | 0.5-2 | 192.00 | OK | |||
r-release-windows-x86_64 | 0.5-2 | 82.00 | 136.00 | 218.00 | OK | |
r-oldrel-macos-arm64 | 0.5-2 | 81.00 | NOTE | |||
r-oldrel-macos-x86_64 | 0.5-2 | 154.00 | NOTE | |||
r-oldrel-windows-x86_64 | 0.5-2 | 97.00 | 183.00 | 280.00 | OK |
Version: 0.5-2
Check: installed package size
Result: NOTE
installed size is 10.6Mb
sub-directories of 1Mb or more:
libs 9.7Mb
Flavors: r-oldrel-macos-arm64, r-oldrel-macos-x86_64
These binaries (installable software) and packages are in development.
They may not be fully stable and should be used with caution. We make no claims about them.