Last updated on 2025-02-19 18:51:07 CET.
Flavor | Version | Tinstall | Tcheck | Ttotal | Status | Flags |
---|---|---|---|---|---|---|
r-devel-linux-x86_64-debian-clang | 2.1.0 | 10.78 | 47.01 | 57.79 | OK | |
r-devel-linux-x86_64-debian-gcc | 2.1.0 | 7.60 | 39.42 | 47.02 | OK | |
r-devel-linux-x86_64-fedora-clang | 2.1.0 | 98.84 | NOTE | |||
r-devel-linux-x86_64-fedora-gcc | 2.1.0 | 108.31 | NOTE | |||
r-devel-macos-arm64 | 2.1.0 | 48.00 | OK | |||
r-devel-macos-x86_64 | 2.1.0 | 117.00 | OK | |||
r-devel-windows-x86_64 | 2.1.0 | 13.00 | 109.00 | 122.00 | OK | |
r-patched-linux-x86_64 | 2.1.0 | 10.49 | 45.94 | 56.43 | OK | |
r-release-linux-x86_64 | 2.1.0 | 10.97 | 45.82 | 56.79 | OK | |
r-release-macos-arm64 | 2.1.0 | 49.00 | OK | |||
r-release-macos-x86_64 | 2.1.0 | 98.00 | OK | |||
r-release-windows-x86_64 | 2.1.0 | 14.00 | 122.00 | 136.00 | OK | |
r-oldrel-macos-arm64 | 2.1.0 | 52.00 | OK | |||
r-oldrel-macos-x86_64 | 2.1.0 | 77.00 | OK | |||
r-oldrel-windows-x86_64 | 2.1.0 | 17.00 | 135.00 | 152.00 | OK |
Version: 2.1.0
Check: dependencies in R code
Result: NOTE
Namespace in Imports field not imported from: ‘doParallel’
All declared Imports should be used.
Flavors: r-devel-linux-x86_64-fedora-clang, r-devel-linux-x86_64-fedora-gcc
These binaries (installable software) and packages are in development.
They may not be fully stable and should be used with caution. We make no claims about them.