CRAN Package Check Results for Package JOUSBoost

Last updated on 2025-05-08 04:52:08 CEST.

Flavor Version Tinstall Tcheck Ttotal Status Flags
r-devel-linux-x86_64-debian-clang 2.1.0 10.05 48.32 58.37 OK
r-devel-linux-x86_64-debian-gcc 2.1.0 7.68 40.12 47.80 OK
r-devel-linux-x86_64-fedora-clang 2.1.0 102.42 NOTE
r-devel-linux-x86_64-fedora-gcc 2.1.0 114.14 NOTE
r-devel-windows-x86_64 2.1.0 16.00 111.00 127.00 OK
r-patched-linux-x86_64 2.1.0 9.98 46.64 56.62 OK
r-release-linux-x86_64 2.1.0 10.18 46.38 56.56 OK
r-release-macos-arm64 2.1.0 53.00 OK
r-release-macos-x86_64 2.1.0 126.00 OK
r-release-windows-x86_64 2.1.0 16.00 111.00 127.00 OK
r-oldrel-macos-arm64 2.1.0 49.00 OK
r-oldrel-macos-x86_64 2.1.0 98.00 OK
r-oldrel-windows-x86_64 2.1.0 17.00 118.00 135.00 OK

Check Details

Version: 2.1.0
Check: dependencies in R code
Result: NOTE Namespace in Imports field not imported from: ‘doParallel’ All declared Imports should be used. Flavors: r-devel-linux-x86_64-fedora-clang, r-devel-linux-x86_64-fedora-gcc

These binaries (installable software) and packages are in development.
They may not be fully stable and should be used with caution. We make no claims about them.