Last updated on 2024-07-27 15:50:21 CEST.
Flavor | Version | Tinstall | Tcheck | Ttotal | Status | Flags |
---|---|---|---|---|---|---|
r-devel-linux-x86_64-debian-clang | 1.0.1 | 235.26 | 202.32 | 437.58 | OK | |
r-devel-linux-x86_64-debian-gcc | 1.0.1 | NOTE | ||||
r-devel-linux-x86_64-fedora-clang | 1.0.1 | 745.00 | OK | |||
r-devel-linux-x86_64-fedora-gcc | 1.0.1 | 629.50 | OK | |||
r-devel-windows-x86_64 | 1.0.1 | 191.00 | 195.00 | 386.00 | NOTE | |
r-patched-linux-x86_64 | 1.0.1 | OK | ||||
r-release-linux-x86_64 | 1.0.1 | 189.40 | 213.42 | 402.82 | OK | |
r-release-macos-arm64 | 1.0.1 | 146.00 | NOTE | |||
r-release-macos-x86_64 | 1.0.1 | 210.00 | NOTE | |||
r-release-windows-x86_64 | 1.0.1 | 238.00 | 197.00 | 435.00 | OK | |
r-oldrel-macos-arm64 | 1.0.1 | 177.00 | NOTE | |||
r-oldrel-macos-x86_64 | 1.0.1 | 309.00 | NOTE | |||
r-oldrel-windows-x86_64 | 1.0.1 | 213.00 | 232.00 | 445.00 | OK |
Version: 1.0.1
Check: Rd cross-references
Result: NOTE
Found the following Rd file(s) with Rd \link{} targets missing package
anchors:
jmodelMult.Rd: lme, coxph, Surv
jmodelTM.Rd: lme, coxph, Surv
Please provide package anchors for all Rd \link{} targets not in the
package itself and the base packages.
Flavors: r-devel-linux-x86_64-debian-gcc, r-devel-windows-x86_64
Version: 1.0.1
Check: installed package size
Result: NOTE
installed size is 22.5Mb
sub-directories of 1Mb or more:
libs 22.0Mb
Flavors: r-release-macos-arm64, r-release-macos-x86_64, r-oldrel-macos-arm64, r-oldrel-macos-x86_64
These binaries (installable software) and packages are in development.
They may not be fully stable and should be used with caution. We make no claims about them.