Last updated on 2024-07-27 15:50:21 CEST.
Flavor | Version | Tinstall | Tcheck | Ttotal | Status | Flags |
---|---|---|---|---|---|---|
r-devel-linux-x86_64-debian-clang | 0.2.2 | 5.17 | 252.93 | 258.10 | OK | |
r-devel-linux-x86_64-debian-gcc | 0.2.2 | NOTE | ||||
r-devel-linux-x86_64-fedora-clang | 0.2.2 | 310.78 | OK | |||
r-devel-linux-x86_64-fedora-gcc | 0.2.2 | 312.86 | OK | |||
r-devel-windows-x86_64 | 0.2.2 | 6.00 | 167.00 | 173.00 | NOTE | |
r-patched-linux-x86_64 | 0.2.2 | OK | ||||
r-release-linux-x86_64 | 0.2.2 | 2.76 | 243.64 | 246.40 | OK | |
r-release-macos-arm64 | 0.2.2 | 82.00 | OK | |||
r-release-macos-x86_64 | 0.2.2 | 139.00 | OK | |||
r-release-windows-x86_64 | 0.2.2 | 5.00 | 172.00 | 177.00 | OK | |
r-oldrel-macos-arm64 | 0.2.2 | 96.00 | OK | |||
r-oldrel-macos-x86_64 | 0.2.2 | 206.00 | OK | |||
r-oldrel-windows-x86_64 | 0.2.2 | 7.00 | 221.00 | 228.00 | OK |
Version: 0.2.2
Check: Rd cross-references
Result: NOTE
Found the following Rd file(s) with Rd \link{} targets missing package
anchors:
standardize_variable.Rd: dplyr_tidy_select
Please provide package anchors for all Rd \link{} targets not in the
package itself and the base packages.
Flavors: r-devel-linux-x86_64-debian-gcc, r-devel-windows-x86_64
These binaries (installable software) and packages are in development.
They may not be fully stable and should be used with caution. We make no claims about them.