Last updated on 2025-02-16 10:50:49 CET.
Flavor | Version | Tinstall | Tcheck | Ttotal | Status | Flags |
---|---|---|---|---|---|---|
r-devel-linux-x86_64-debian-clang | 1.4.1 | 24.91 | 231.40 | 256.31 | NOTE | |
r-devel-linux-x86_64-debian-gcc | 1.4.1 | 16.12 | 168.82 | 184.94 | NOTE | |
r-devel-linux-x86_64-fedora-clang | 1.4.1 | 431.88 | OK | |||
r-devel-linux-x86_64-fedora-gcc | 1.4.1 | 434.38 | OK | |||
r-devel-macos-arm64 | 1.4.1 | 114.00 | OK | |||
r-devel-macos-x86_64 | 1.4.1 | 211.00 | OK | |||
r-devel-windows-x86_64 | 1.4.1 | 27.00 | 233.00 | 260.00 | NOTE | |
r-patched-linux-x86_64 | 1.4.1 | 28.51 | 216.18 | 244.69 | OK | |
r-release-linux-x86_64 | 1.4.1 | 21.28 | 216.14 | 237.42 | OK | |
r-release-macos-arm64 | 1.4.1 | 109.00 | OK | |||
r-release-macos-x86_64 | 1.4.1 | 167.00 | OK | |||
r-release-windows-x86_64 | 1.4.1 | 24.00 | 227.00 | 251.00 | OK | |
r-oldrel-macos-arm64 | 1.4.1 | 81.00 | OK | |||
r-oldrel-macos-x86_64 | 1.4.1 | 207.00 | OK | |||
r-oldrel-windows-x86_64 | 1.4.1 | 33.00 | 286.00 | 319.00 | OK |
Version: 1.4.1
Check: Rd cross-references
Result: NOTE
Found the following Rd file(s) with Rd \link{} targets missing package
anchors:
gglikert.Rd: geom_point
scoring.Rd: omega
Please provide package anchors for all Rd \link{} targets not in the
package itself and the base packages.
Flavors: r-devel-linux-x86_64-debian-clang, r-devel-linux-x86_64-debian-gcc, r-devel-windows-x86_64
These binaries (installable software) and packages are in development.
They may not be fully stable and should be used with caution. We make no claims about them.