Last updated on 2025-05-03 22:49:57 CEST.
Flavor | Version | Tinstall | Tcheck | Ttotal | Status | Flags |
---|---|---|---|---|---|---|
r-devel-linux-x86_64-debian-clang | 0.3-4 | 10.43 | 30.84 | 41.27 | NOTE | |
r-devel-linux-x86_64-debian-gcc | 0.3-4 | 9.66 | 24.59 | 34.25 | NOTE | |
r-devel-linux-x86_64-fedora-clang | 0.3-4 | 76.90 | OK | |||
r-devel-linux-x86_64-fedora-gcc | 0.3-4 | 96.85 | OK | |||
r-devel-windows-x86_64 | 0.3-4 | 15.00 | 71.00 | 86.00 | OK | |
r-patched-linux-x86_64 | 0.3-4 | 12.62 | 30.58 | 43.20 | OK | |
r-release-linux-x86_64 | OK | |||||
r-release-macos-arm64 | 0.3-4 | 29.00 | OK | |||
r-release-macos-x86_64 | 0.3-4 | 54.00 | OK | |||
r-release-windows-x86_64 | 0.3-4 | 16.00 | 71.00 | 87.00 | OK | |
r-oldrel-macos-arm64 | 0.3-4 | 28.00 | OK | |||
r-oldrel-macos-x86_64 | 0.3-4 | 45.00 | OK | |||
r-oldrel-windows-x86_64 | 0.3-4 | 13.00 | 82.00 | 95.00 | OK |
Version: 0.3-4
Check: CRAN incoming feasibility
Result: NOTE
Maintainer: ‘Bill Venables <Bill.Venables@gmail.com>’
No Authors@R field in DESCRIPTION.
Please add one, modifying
Authors@R: person(given = "Bill",
family = "Venables",
role = c("aut", "cre"),
email = "bill.venables@gmail.com")
as necessary.
Flavors: r-devel-linux-x86_64-debian-clang, r-devel-linux-x86_64-debian-gcc
These binaries (installable software) and packages are in development.
They may not be fully stable and should be used with caution. We make no claims about them.