CRAN Package Check Results for Package Jmisc

Last updated on 2025-07-02 01:51:41 CEST.

Flavor Version Tinstall Tcheck Ttotal Status Flags
r-devel-linux-x86_64-debian-clang 0.3.1.1 1.87 18.95 20.82 NOTE
r-devel-linux-x86_64-debian-gcc 0.3.1.1 1.38 15.86 17.24 NOTE
r-devel-linux-x86_64-fedora-clang 0.3.1.1 31.41 OK
r-devel-linux-x86_64-fedora-gcc 0.3.1.1 29.05 OK
r-devel-windows-x86_64 0.3.1.1 3.00 42.00 45.00 OK
r-patched-linux-x86_64 OK
r-release-linux-x86_64 0.3.1.1 1.84 17.78 19.62 OK
r-release-macos-arm64 0.3.1.1 16.00 OK
r-release-macos-x86_64 0.3.1.1 25.00 OK
r-release-windows-x86_64 0.3.1.1 4.00 42.00 46.00 OK
r-oldrel-macos-arm64 0.3.1.1 15.00 OK
r-oldrel-macos-x86_64 0.3.1.1 28.00 OK
r-oldrel-windows-x86_64 0.3.1.1 4.00 45.00 49.00 OK

Check Details

Version: 0.3.1.1
Check: CRAN incoming feasibility
Result: NOTE Maintainer: ‘TszKin Julian Chan <ctszkin@gmail.com>’ No Authors@R field in DESCRIPTION. Please add one, modifying Authors@R: person(given = c("TszKin", "Julian"), family = "Chan", role = c("aut", "cre"), email = "ctszkin@gmail.com") as necessary. Flavors: r-devel-linux-x86_64-debian-clang, r-devel-linux-x86_64-debian-gcc

These binaries (installable software) and packages are in development.
They may not be fully stable and should be used with caution. We make no claims about them.