CRAN Package Check Results for Package JoF

Last updated on 2025-02-16 10:50:49 CET.

Flavor Version Tinstall Tcheck Ttotal Status Flags
r-devel-linux-x86_64-debian-clang 0.1.0 2.25 30.43 32.68 OK
r-devel-linux-x86_64-debian-gcc 0.1.0 1.68 22.66 24.34 OK
r-devel-linux-x86_64-fedora-clang 0.1.0 55.59 OK
r-devel-linux-x86_64-fedora-gcc 0.1.0 64.55 OK
r-devel-macos-arm64 0.1.0 26.00 OK
r-devel-macos-x86_64 0.1.0 52.00 OK
r-devel-windows-x86_64 0.1.0 4.00 51.00 55.00 OK
r-patched-linux-x86_64 0.1.0 1.70 29.20 30.90 NOTE
r-release-linux-x86_64 0.1.0 2.07 28.85 30.92 NOTE
r-release-macos-arm64 0.1.0 29.00 NOTE
r-release-macos-x86_64 0.1.0 38.00 NOTE
r-release-windows-x86_64 0.1.0 3.00 53.00 56.00 NOTE
r-oldrel-macos-arm64 0.1.0 25.00 NOTE
r-oldrel-macos-x86_64 0.1.0 37.00 NOTE
r-oldrel-windows-x86_64 0.1.0 3.00 50.00 53.00 NOTE

Check Details

Version: 0.1.0
Check: LazyData
Result: NOTE 'LazyData' is specified without a 'data' directory Flavors: r-patched-linux-x86_64, r-release-linux-x86_64, r-release-macos-arm64, r-release-macos-x86_64, r-release-windows-x86_64, r-oldrel-macos-arm64, r-oldrel-macos-x86_64, r-oldrel-windows-x86_64

These binaries (installable software) and packages are in development.
They may not be fully stable and should be used with caution. We make no claims about them.