Last updated on 2025-10-23 15:49:58 CEST.
Flavor | Version | Tinstall | Tcheck | Ttotal | Status | Flags |
---|---|---|---|---|---|---|
r-devel-linux-x86_64-debian-clang | 1.1.4 | 2.78 | 27.12 | 29.90 | NOTE | |
r-devel-linux-x86_64-debian-gcc | 1.1.4 | 2.27 | 21.82 | 24.09 | OK | |
r-devel-linux-x86_64-fedora-clang | 1.1.4 | 53.62 | OK | |||
r-devel-linux-x86_64-fedora-gcc | 1.1.4 | 52.78 | OK | |||
r-devel-windows-x86_64 | 1.1.4 | 3.00 | 316.00 | 319.00 | OK | |
r-patched-linux-x86_64 | 1.1.4 | 2.87 | 26.07 | 28.94 | OK | |
r-release-linux-x86_64 | 1.1.4 | 2.12 | 25.96 | 28.08 | OK | |
r-release-macos-arm64 | 1.1.4 | 1.00 | 18.00 | 19.00 | OK | |
r-release-macos-x86_64 | 1.1.4 | 4.00 | 39.00 | 43.00 | OK | |
r-release-windows-x86_64 | 1.1.4 | 6.00 | 321.00 | 327.00 | OK | |
r-oldrel-macos-arm64 | 1.1.4 | 2.00 | 22.00 | 24.00 | OK | |
r-oldrel-macos-x86_64 | 1.1.4 | 2.00 | 35.00 | 37.00 | OK | |
r-oldrel-windows-x86_64 | 1.1.4 | 7.00 | 375.00 | 382.00 | OK |
Version: 1.1.4
Check: HTML version of manual
Result: NOTE
Found the following HTML validation problems:
Julia-Setup.html:82:1 (Julia-Setup.Rd:44): Warning: missing </ul> before </div>
Flavor: r-devel-linux-x86_64-debian-clang
These binaries (installable software) and packages are in development.
They may not be fully stable and should be used with caution. We make no claims about them.