Last updated on 2025-02-16 12:53:39 CET.
Flavor | Version | Tinstall | Tcheck | Ttotal | Status | Flags |
---|---|---|---|---|---|---|
r-devel-linux-x86_64-debian-clang | 0.1.1 | 2.70 | 112.83 | 115.53 | OK | |
r-devel-linux-x86_64-debian-gcc | 0.1.1 | 2.05 | 73.47 | 75.52 | OK | |
r-devel-linux-x86_64-fedora-clang | 0.1.1 | 202.58 | NOTE | |||
r-devel-linux-x86_64-fedora-gcc | 0.1.1 | 197.65 | NOTE | |||
r-devel-macos-arm64 | 0.1.1 | 56.00 | OK | |||
r-devel-macos-x86_64 | 0.1.1 | 107.00 | OK | |||
r-devel-windows-x86_64 | 0.1.1 | 5.00 | 137.00 | 142.00 | OK | |
r-patched-linux-x86_64 | 0.1.1 | 2.83 | 107.66 | 110.49 | OK | |
r-release-linux-x86_64 | 0.1.1 | 2.51 | 107.48 | 109.99 | OK | |
r-release-macos-arm64 | 0.1.1 | 53.00 | OK | |||
r-release-macos-x86_64 | 0.1.1 | 81.00 | OK | |||
r-release-windows-x86_64 | 0.1.1 | 5.00 | 139.00 | 144.00 | OK | |
r-oldrel-macos-arm64 | 0.1.1 | 61.00 | OK | |||
r-oldrel-macos-x86_64 | 0.1.1 | 81.00 | OK | |||
r-oldrel-windows-x86_64 | 0.1.1 | 6.00 | 164.00 | 170.00 | OK |
Version: 0.1.1
Check: dependencies in R code
Result: NOTE
Namespaces in Imports field not imported from:
‘Superpower’ ‘pwr’ ‘shinydashboard’
All declared Imports should be used.
Flavors: r-devel-linux-x86_64-fedora-clang, r-devel-linux-x86_64-fedora-gcc
These binaries (installable software) and packages are in development.
They may not be fully stable and should be used with caution. We make no claims about them.