CRAN Package Check Results for Package KCSKNNShiny

Last updated on 2025-02-02 16:49:11 CET.

Flavor Version Tinstall Tcheck Ttotal Status Flags
r-devel-linux-x86_64-debian-clang 0.1.0 13.61 102.55 116.16 OK
r-devel-linux-x86_64-debian-gcc 0.1.0 10.12 74.72 84.84 OK
r-devel-linux-x86_64-fedora-clang 0.1.0 185.06 OK
r-devel-linux-x86_64-fedora-gcc 0.1.0 170.47 OK
r-devel-windows-x86_64 0.1.0 13.00 99.00 112.00 OK
r-patched-linux-x86_64 0.1.0 11.14 95.37 106.51 NOTE
r-release-linux-x86_64 0.1.0 12.11 94.91 107.02 NOTE
r-release-macos-arm64 0.1.0 50.00 NOTE
r-release-macos-x86_64 0.1.0 79.00 NOTE
r-release-windows-x86_64 0.1.0 14.00 101.00 115.00 NOTE
r-oldrel-macos-arm64 0.1.0 59.00 NOTE
r-oldrel-macos-x86_64 0.1.0 88.00 NOTE
r-oldrel-windows-x86_64 0.1.0 19.00 126.00 145.00 NOTE

Check Details

Version: 0.1.0
Check: LazyData
Result: NOTE 'LazyData' is specified without a 'data' directory Flavors: r-patched-linux-x86_64, r-release-linux-x86_64, r-release-macos-arm64, r-release-macos-x86_64, r-release-windows-x86_64, r-oldrel-macos-arm64, r-oldrel-macos-x86_64, r-oldrel-windows-x86_64

These binaries (installable software) and packages are in development.
They may not be fully stable and should be used with caution. We make no claims about them.