Last updated on 2025-11-11 17:50:02 CET.
| Flavor | Version | Tinstall | Tcheck | Ttotal | Status | Flags |
|---|---|---|---|---|---|---|
| r-devel-linux-x86_64-debian-clang | 1.0.0 | 14.30 | 44.18 | 58.48 | NOTE | |
| r-devel-linux-x86_64-debian-gcc | 1.0.0 | 10.60 | 30.82 | 41.42 | NOTE | |
| r-devel-linux-x86_64-fedora-clang | 1.0.0 | 69.00 | 32.38 | 101.38 | NOTE | |
| r-devel-linux-x86_64-fedora-gcc | 1.0.0 | 58.00 | 37.41 | 95.41 | NOTE | |
| r-devel-windows-x86_64 | 1.0.0 | 15.00 | 66.00 | 81.00 | OK | |
| r-patched-linux-x86_64 | 1.0.0 | 15.23 | 41.38 | 56.61 | OK | |
| r-release-linux-x86_64 | 1.0.0 | 13.99 | 41.82 | 55.81 | OK | |
| r-release-macos-arm64 | 1.0.0 | 8.00 | 22.00 | 30.00 | OK | |
| r-release-macos-x86_64 | 1.0.0 | 19.00 | 45.00 | 64.00 | OK | |
| r-release-windows-x86_64 | 1.0.0 | 17.00 | 64.00 | 81.00 | OK | |
| r-oldrel-macos-arm64 | 1.0.0 | 7.00 | 22.00 | 29.00 | OK | |
| r-oldrel-macos-x86_64 | 1.0.0 | 11.00 | 32.00 | 43.00 | OK | |
| r-oldrel-windows-x86_64 | 1.0.0 | 16.00 | 67.00 | 83.00 | OK |
Version: 1.0.0
Check: CRAN incoming feasibility
Result: NOTE
Maintainer: ‘Yi Yang <yiyang@umn.edu>’
No Authors@R field in DESCRIPTION.
Please add one, modifying
Authors@R: c(person(given = "Yi",
family = "Yang",
role = c("aut", "cre"),
email = "yiyang@umn.edu"),
person(given = "Teng",
family = "Zhang",
role = "aut"),
person(given = "Hui",
family = "Zou",
role = "aut"))
as necessary.
Flavors: r-devel-linux-x86_64-debian-clang, r-devel-linux-x86_64-debian-gcc
Version: 1.0.0
Check: compiled code
Result: NOTE
File ‘KERE/libs/KERE.so’:
Found no calls to: ‘R_registerRoutines’, ‘R_useDynamicSymbols’
It is good practice to register native routines and to disable symbol
search.
See ‘Writing portable packages’ in the ‘Writing R Extensions’ manual.
Flavors: r-devel-linux-x86_64-fedora-clang, r-devel-linux-x86_64-fedora-gcc
These binaries (installable software) and packages are in development.
They may not be fully stable and should be used with caution. We make no claims about them.